{"id":10184,"date":"2023-08-23T15:37:44","date_gmt":"2023-08-23T13:37:44","guid":{"rendered":"http:\/\/lelalano.fr\/?page_id=10184"},"modified":"2023-08-23T17:05:04","modified_gmt":"2023-08-23T15:05:04","slug":"semaine-du-mer-13-septembre-au-mar-19-septembre-2023","status":"publish","type":"page","link":"https:\/\/lelalano.fr\/index.php\/semaine-du-mer-13-septembre-au-mar-19-septembre-2023\/","title":{"rendered":"Semaine du Mer. 13 septembre au Mar. 19 septembre 2023"},"content":{"rendered":"<h4>Petit R\u00e9cap&#8217; de la semaine<\/h4>\n<p>\t\t\t\t\t\t\t\t\t\t\t\tmercredi 13 septembre\t\t\t\t\t<\/p>\n<ul>\n<li><a href=\"#les\">Les As de la jungle 2 &#8211; Op\u00e9ration tour du monde<\/a> \u00e0 16h<\/li>\n<li><a href=\"#aco\">\u00c0 contretemps<\/a>\u00a0\u00e0 20h45 (vo)<\/li>\n<\/ul>\n<p>\t\t\t\t\t\t\t\t\t\t\t\tsamedi 16 septembre\t\t\t\t\t<\/p>\n<ul>\n<li><a href=\"#opp\">Oppenheimer<\/a> \u00e0 20h45<\/li>\n<\/ul>\n<p>\t\t\t\t\t\t\t\t\t\t\t\tdimanche 17 septembre\t\t\t\t\t<\/p>\n<ul>\n<li><a href=\"#sur\">Sur la branche<\/a> \u00e0 20h45 <\/li>\n<\/ul>\n<p>\t\t\t\t\t\t\t\t\t\t\t\tmardi 19 septembre\t\t\t\t\t<\/p>\n<ul>\n<li><a href=\"#jun\">Juniors<\/a> \u00e0 20h45<\/li>\n<\/ul>\n<h4>Les As de la jungle 2 &#8211; Op\u00e9ration tour du monde<\/h4>\n<p>\t\t\t\t\t\t\t\t\t\t<img loading=\"lazy\" decoding=\"async\" width=\"730\" height=\"973\" src=\"http:\/\/lelalano.fr\/wp-content\/uploads\/2023\/08\/Les-As-de-la-jungle-2-Op\u00e9ration-tour-du-monde-768x1024.jpg\" alt=\"\" srcset=\"http:\/\/lelalano.fr\/wp-content\/uploads\/2023\/08\/Les-As-de-la-jungle-2-Op\u00e9ration-tour-du-monde-768x1024.jpg 768w, http:\/\/lelalano.fr\/wp-content\/uploads\/2023\/08\/Les-As-de-la-jungle-2-Op\u00e9ration-tour-du-monde-225x300.jpg 225w, http:\/\/lelalano.fr\/wp-content\/uploads\/2023\/08\/Les-As-de-la-jungle-2-Op\u00e9ration-tour-du-monde.jpg 810w\" sizes=\"(max-width: 730px) 100vw, 730px\" \/>\t\t\t\t\t\t\t\t\t\t\t<\/p>\n<h2>Synopsis<\/h2>\n<p>Qui appelle-t-on \u00e0 la rescousse quand un myst\u00e9rieux super-vilain recouvre la jungle d\u2019une mousse rose qui explose au contact de l\u2019eau ? Les As de la Jungle ! Moins d\u2019un mois avant la saison des pluies, la course contre la montre est lanc\u00e9e. Du P\u00f4le Nord \u00e0 l\u2019Extr\u00eame-Orient, traversant des montagnes, des d\u00e9serts et des oc\u00e9ans, nos h\u00e9ros vont devoir parcourir le monde \u00e0 la recherche d\u2019un antidote, loin de leur jungle favorite !\t\t<\/p>\n<h4>S\u00c9ANCES<\/h4>\n<ul>\n<li >\n\t\t\t\t\t\t\t\t\t\tmercredi 13 septembre 16h\n\t\t\t\t\t\t\t\t\t<\/li>\n<\/ul>\n<h4>INFOS SUR LE FILM<\/h4>\n<p>\t\t<a href=\"https:\/\/www.allocine.fr\/film\/agenda\/sem-2023-08-16\/\"> 16 ao\u00fbt 2023 <\/a> <strong> en salle <\/strong> \/ 1h 29min \/ <a href=\"https:\/\/www.allocine.fr\/films\/genre-13026\/\">Animation<\/a>, <a href=\"https:\/\/www.allocine.fr\/films\/genre-13001\/\">Aventure<\/a>, <a href=\"https:\/\/www.allocine.fr\/films\/genre-13005\/\">Com\u00e9die<\/a>, <a href=\"https:\/\/www.allocine.fr\/films\/genre-13036\/\">Famille<\/a>De <a href=\"https:\/\/www.allocine.fr\/personne\/fichepersonne_gen_cpersonne=976794.html\">Laurent Bru<\/a>, <a href=\"https:\/\/www.allocine.fr\/personne\/fichepersonne_gen_cpersonne=976793.html\">Yannick Moulin<\/a>, <a href=\"https:\/\/www.allocine.fr\/personne\/fichepersonne_gen_cpersonne=976792.html\">Benoit Somville<\/a>Par <a href=\"https:\/\/www.allocine.fr\/personne\/fichepersonne_gen_cpersonne=143515.html\">David Alaux<\/a>, <a href=\"https:\/\/www.allocine.fr\/personne\/fichepersonne_gen_cpersonne=143518.html\">Eric Tosti<\/a>Avec <a href=\"https:\/\/www.allocine.fr\/personne\/fichepersonne_gen_cpersonne=93612.html\">Philippe Bozo<\/a>, <a href=\"https:\/\/www.allocine.fr\/personne\/fichepersonne_gen_cpersonne=141771.html\">Laurent Morteau<\/a>, <a href=\"https:\/\/www.allocine.fr\/personne\/fichepersonne_gen_cpersonne=95741.html\">Pascal Casanova<\/a><br \/>\n\t\t\t<a href=\"https:\/\/www.youtube.com\/watch?v=8vKd68sHQYY\" target=\"_blank\" role=\"button\"><br \/>\n\t\t\t\t\t\tbande annonce<br \/>\n\t\t\t\t\t<\/a><br \/>\n\t\t\t<a href=\"#top\" role=\"button\"><br \/>\n\t\t\t\t\t\thaut de la page<br \/>\n\t\t\t\t\t<\/a><\/p>\n<h4>\u00c0 contretemps (vo)<\/h4>\n<p>\t\t\t\t\t\t\t\t\t\t<img loading=\"lazy\" decoding=\"async\" width=\"730\" height=\"994\" src=\"http:\/\/lelalano.fr\/wp-content\/uploads\/2023\/08\/\u00c0-contretemps-752x1024.jpg\" alt=\"\" srcset=\"http:\/\/lelalano.fr\/wp-content\/uploads\/2023\/08\/\u00c0-contretemps-752x1024.jpg 752w, http:\/\/lelalano.fr\/wp-content\/uploads\/2023\/08\/\u00c0-contretemps-220x300.jpg 220w, http:\/\/lelalano.fr\/wp-content\/uploads\/2023\/08\/\u00c0-contretemps-768x1046.jpg 768w, http:\/\/lelalano.fr\/wp-content\/uploads\/2023\/08\/\u00c0-contretemps.jpg 793w\" sizes=\"(max-width: 730px) 100vw, 730px\" \/>\t\t\t\t\t\t\t\t\t\t\t<\/p>\n<h2>Synopsis et d\u00e9tails<\/h2>\n<p>Avocat aux fortes convictions sociales, Rafa a jusqu\u2019\u00e0 minuit pour retrouver la m\u00e8re d\u2019une fillette laiss\u00e9e seule dans un logement insalubre. A d\u00e9faut, la police placera la petite en foyer. Dans sa course contre la montre, Rafa croise la route d\u2019Azucena, une femme injustement menac\u00e9e d\u2019expulsion, et qui pour s\u2019en sortir, tente de provoquer une r\u00e9volte citoyenne. Alors que les heures d\u00e9filent implacablement pour ces deux \u00e2mes en lutte, Madrid devient le lieu de toutes les col\u00e8res.. \t\t<\/p>\n<h4>S\u00c9ANCES<\/h4>\n<ul>\n<li >\n\t\t\t\t\t\t\t\t\t\tmercredi 13 septembre 20h45 (vostfr : espagnol sous-titr\u00e9 fran\u00e7ais)\n\t\t\t\t\t\t\t\t\t<\/li>\n<\/ul>\n<h4>INFOS SUR LE FILM<\/h4>\n<p>\t\t<a href=\"https:\/\/www.allocine.fr\/film\/agenda\/sem-2023-07-05\/\"> 5 juillet 2023 <\/a> <strong> en salle <\/strong> \/ 1h 43min \/ <a href=\"https:\/\/www.allocine.fr\/films\/genre-13023\/\">Thriller<\/a>De <a href=\"https:\/\/www.allocine.fr\/personne\/fichepersonne_gen_cpersonne=25845.html\">Juan Diego Botto<\/a>Par <a href=\"https:\/\/www.allocine.fr\/personne\/fichepersonne_gen_cpersonne=25845.html\">Juan Diego Botto<\/a>, <a href=\"https:\/\/www.allocine.fr\/personne\/fichepersonne_gen_cpersonne=948334.html\">Olga Rodr\u00edguez<\/a>Avec <a href=\"https:\/\/www.allocine.fr\/personne\/fichepersonne_gen_cpersonne=3614.html\">Pen\u00e9lope Cruz<\/a>, <a href=\"https:\/\/www.allocine.fr\/personne\/fichepersonne_gen_cpersonne=15919.html\">Luis Tosar<\/a>, <a href=\"https:\/\/www.allocine.fr\/personne\/fichepersonne_gen_cpersonne=948332.html\">Christian Checa<\/a>Titre original  En los m\u00e1rgenes<br \/>\n\t\t\t<a href=\"https:\/\/www.youtube.com\/watch?v=PRh6iXtsEKo\" target=\"_blank\" role=\"button\"><br \/>\n\t\t\t\t\t\tVOIR LA BANDE ANNONCE<br \/>\n\t\t\t\t\t<\/a><br \/>\n\t\t\t<a href=\"#top\" role=\"button\"><br \/>\n\t\t\t\t\t\thaut de la page<br \/>\n\t\t\t\t\t<\/a><\/p>\n<h4>Oppenheimer<\/h4>\n<p>\t\t\t\t\t\t\t\t\t\t<img loading=\"lazy\" decoding=\"async\" width=\"730\" height=\"973\" src=\"http:\/\/lelalano.fr\/wp-content\/uploads\/2023\/06\/Oppenheimer-768x1024.jpg\" alt=\"\" srcset=\"http:\/\/lelalano.fr\/wp-content\/uploads\/2023\/06\/Oppenheimer-768x1024.jpg 768w, http:\/\/lelalano.fr\/wp-content\/uploads\/2023\/06\/Oppenheimer-225x300.jpg 225w, http:\/\/lelalano.fr\/wp-content\/uploads\/2023\/06\/Oppenheimer.jpg 810w\" sizes=\"(max-width: 730px) 100vw, 730px\" \/>\t\t\t\t\t\t\t\t\t\t\t<\/p>\n<h2>Synopsis<\/h2>\n<section id=\"synopsis-details\">\n<section id=\"synopsis-details\">En 1942, convaincus que l\u2019Allemagne nazie est en train de d\u00e9velopper une arme nucl\u00e9aire, les \u00c9tats-Unis initient, dans le plus grand secret, le &#8220;Projet Manhattan&#8221; destin\u00e9 \u00e0 mettre au point la premi\u00e8re bombe atomique de l\u2019histoire. Pour piloter ce dispositif, le gouvernement engage J. Robert Oppenheimer, brillant physicien, qui sera bient\u00f4t surnomm\u00e9 &#8220;le p\u00e8re de la bombe atomique&#8221;. C\u2019est dans le laboratoire ultra-secret de Los Alamos, au c\u0153ur du d\u00e9sert du Nouveau-Mexique, que le scientifique et son \u00e9quipe mettent au point une arme r\u00e9volutionnaire dont les cons\u00e9quences, vertigineuses, continuent de peser sur le monde actuel\u2026<\/section>\n<\/section>\n<h4>S\u00c9ANCES<\/h4>\n<ul>\n<li >\n\t\t\t\t\t\t\t\t\t\tmercredi 16 septembre 20h45\n\t\t\t\t\t\t\t\t\t<\/li>\n<\/ul>\n<h4>INFOS SUR LE FILM<\/h4>\n<p>\t\t<a href=\"https:\/\/www.allocine.fr\/film\/agenda\/sem-2023-07-19\/\"> 19 juillet 2023 <\/a> <strong> en salle <\/strong> \/ 3h 01min \/ <a href=\"https:\/\/www.allocine.fr\/films\/genre-13027\/\">Biopic<\/a>, <a href=\"https:\/\/www.allocine.fr\/films\/genre-13015\/\">Historique<\/a>, <a href=\"https:\/\/www.allocine.fr\/films\/genre-13023\/\">Thriller<\/a>De <a href=\"https:\/\/www.allocine.fr\/personne\/fichepersonne_gen_cpersonne=30367.html\">Christopher Nolan<\/a>Par <a href=\"https:\/\/www.allocine.fr\/personne\/fichepersonne_gen_cpersonne=30367.html\">Christopher Nolan<\/a>Avec <a href=\"https:\/\/www.allocine.fr\/personne\/fichepersonne_gen_cpersonne=69081.html\">Cillian Murphy<\/a>, <a href=\"https:\/\/www.allocine.fr\/personne\/fichepersonne_gen_cpersonne=123054.html\">Emily Blunt<\/a>, <a href=\"https:\/\/www.allocine.fr\/personne\/fichepersonne_gen_cpersonne=1192.html\">Matt Damon<\/a><br \/>\n\t\t\t<a href=\"https:\/\/www.youtube.com\/watch?v=CoXtvSRpHgM\" target=\"_blank\" role=\"button\"><br \/>\n\t\t\t\t\t\tVOIR LA BANDE ANNONCE<br \/>\n\t\t\t\t\t<\/a><br \/>\n\t\t\t<a href=\"#top\" role=\"button\"><br \/>\n\t\t\t\t\t\thaut de la page<br \/>\n\t\t\t\t\t<\/a><\/p>\n<h4>Sur la branche<\/h4>\n<p>\t\t\t\t\t\t\t\t\t\t<img loading=\"lazy\" decoding=\"async\" width=\"730\" height=\"991\" src=\"http:\/\/lelalano.fr\/wp-content\/uploads\/2023\/08\/Sur-la-branche-754x1024.jpg\" alt=\"\" srcset=\"http:\/\/lelalano.fr\/wp-content\/uploads\/2023\/08\/Sur-la-branche-754x1024.jpg 754w, http:\/\/lelalano.fr\/wp-content\/uploads\/2023\/08\/Sur-la-branche-221x300.jpg 221w, http:\/\/lelalano.fr\/wp-content\/uploads\/2023\/08\/Sur-la-branche-768x1043.jpg 768w, http:\/\/lelalano.fr\/wp-content\/uploads\/2023\/08\/Sur-la-branche.jpg 795w\" sizes=\"(max-width: 730px) 100vw, 730px\" \/>\t\t\t\t\t\t\t\t\t\t\t<\/p>\n<h2>Synopsis et d\u00e9tails<\/h2>\n<p>Mimi a presque trente ans et r\u00eave toujours \u00e0 ce qu&#8217;elle pourrait faire quand elle sera grande. Alors qu&#8217;elle se d\u00e9cide \u00e0 chercher du travail, elle fait la connaissance de Paul, un avocat sur la touche. Ensemble ils vont tenter de d\u00e9fendre Christophe, un petit arnaqueur qui clame son innocence. Si Paul voit dans cette affaire un moyen de se refaire, Mimi y voit, elle, une mission, un chemin vers la justice et la v\u00e9rit\u00e9.<\/p>\n<p>\u00a0<\/p>\n<h4>S\u00c9ANCES<\/h4>\n<ul>\n<li >\n\t\t\t\t\t\t\t\t\t\tdimanche 17 septembre 20h45\n\t\t\t\t\t\t\t\t\t<\/li>\n<\/ul>\n<h4>INFOS SUR LE FILM<\/h4>\n<p>\t\t<a href=\"https:\/\/www.allocine.fr\/film\/agenda\/sem-2023-07-26\/\"> 26 juillet 2023 <\/a> <strong> en salle <\/strong> \/ 1h 31min \/ <a href=\"https:\/\/www.allocine.fr\/films\/genre-13005\/\">Com\u00e9die<\/a>De <a href=\"https:\/\/www.allocine.fr\/personne\/fichepersonne_gen_cpersonne=86208.html\">Marie Garel-Weiss<\/a>Par <a href=\"https:\/\/www.allocine.fr\/personne\/fichepersonne_gen_cpersonne=86208.html\">Marie Garel-Weiss<\/a>, <a href=\"https:\/\/www.allocine.fr\/personne\/fichepersonne_gen_cpersonne=820638.html\">Ferdinand Berville<\/a>Avec <a href=\"https:\/\/www.allocine.fr\/personne\/fichepersonne_gen_cpersonne=744258.html\">Daphne Patakia<\/a>, <a href=\"https:\/\/www.allocine.fr\/personne\/fichepersonne_gen_cpersonne=14947.html\">Beno\u00eet Poelvoorde<\/a>, <a href=\"https:\/\/www.allocine.fr\/personne\/fichepersonne_gen_cpersonne=8400.html\">Agn\u00e8s Jaoui<\/a><br \/>\n\t\t\t<a href=\"https:\/\/www.youtube.com\/watch?v=Ywq9FUrLeUo\" target=\"_blank\" role=\"button\"><br \/>\n\t\t\t\t\t\tVoir la bande annonce<br \/>\n\t\t\t\t\t<\/a><br \/>\n\t\t\t<a href=\"#top\" role=\"button\"><br \/>\n\t\t\t\t\t\thaut de la page<br \/>\n\t\t\t\t\t<\/a><\/p>\n<h4>Juniors<\/h4>\n<p>\t\t\t\t\t\t\t\t\t\t<img loading=\"lazy\" decoding=\"async\" width=\"730\" height=\"991\" src=\"http:\/\/lelalano.fr\/wp-content\/uploads\/2023\/08\/juniors-754x1024.jpg\" alt=\"\" srcset=\"http:\/\/lelalano.fr\/wp-content\/uploads\/2023\/08\/juniors-754x1024.jpg 754w, http:\/\/lelalano.fr\/wp-content\/uploads\/2023\/08\/juniors-221x300.jpg 221w, http:\/\/lelalano.fr\/wp-content\/uploads\/2023\/08\/juniors-768x1043.jpg 768w, http:\/\/lelalano.fr\/wp-content\/uploads\/2023\/08\/juniors.jpg 795w\" sizes=\"(max-width: 730px) 100vw, 730px\" \/>\t\t\t\t\t\t\t\t\t\t\t<\/p>\n<h2>Synopsis<\/h2>\n<p>Jordan, 14 ans, s\u2019ennuie dans le petit village de Mornas. Sa m\u00e8re infirmi\u00e8re \u00e9tant souvent absente, il s\u2019occupe avec son meilleur ami Patrick en jouant \u00e0 leur console affectueusement nomm\u00e9e Jessica. Mais lorsque Jessica rend l\u2019\u00e2me, Jordan d\u00e9cide de simuler une maladie et de monter une cagnotte en ligne pour s\u2019en racheter une. Quand ce mensonge se propage dans la cour du coll\u00e8ge, les regards se tournent enfin vers eux. Un d\u00e9but de popularit\u00e9 qui mettra leur amiti\u00e9 ind\u00e9fectible \u00e0 rude \u00e9preuve&#8230;<\/p>\n<h4>S\u00c9ANCES<\/h4>\n<ul>\n<li >\n\t\t\t\t\t\t\t\t\t\tmardi 19 septembre 20h45\n\t\t\t\t\t\t\t\t\t<\/li>\n<\/ul>\n<h4>INFOS SUR LE FILM<\/h4>\n<p>\t\t<a href=\"https:\/\/www.allocine.fr\/film\/agenda\/sem-2023-07-26\/\"> 26 juillet 2023 <\/a> <strong> en salle <\/strong> \/ 1h 35min \/ <a href=\"https:\/\/www.allocine.fr\/films\/genre-13005\/\">Com\u00e9die<\/a>De <a href=\"https:\/\/www.allocine.fr\/personne\/fichepersonne_gen_cpersonne=761677.html\">Hugo P. Thomas<\/a>Par <a href=\"https:\/\/www.allocine.fr\/personne\/fichepersonne_gen_cpersonne=761677.html\">Hugo P. Thomas<\/a>, <a href=\"https:\/\/www.allocine.fr\/personne\/fichepersonne_gen_cpersonne=809379.html\">Jules Lugan<\/a>Avec <a href=\"https:\/\/www.allocine.fr\/personne\/fichepersonne_gen_cpersonne=11882.html\">Vanessa Paradis<\/a>, <a href=\"https:\/\/www.allocine.fr\/personne\/fichepersonne_gen_cpersonne=996282.html\">Ewan Bourdelles<\/a>, <a href=\"https:\/\/www.allocine.fr\/personne\/fichepersonne_gen_cpersonne=996284.html\">Noah Zandouche<\/a><br \/>\n\t\t\t<a href=\"https:\/\/www.youtube.com\/watch?v=X4TXwa3XN5s&amp;t=1s\" target=\"_blank\" role=\"button\"><br \/>\n\t\t\t\t\t\tVOIR LA BANDE ANNONCE<br \/>\n\t\t\t\t\t<\/a><br \/>\n\t\t\t<a href=\"#top\" role=\"button\"><br \/>\n\t\t\t\t\t\thaut de la page<br \/>\n\t\t\t\t\t<\/a><\/p>\n","protected":false},"excerpt":{"rendered":"<p>Petit R\u00e9cap&#8217; de la semaine mercredi 13 septembre Les As de la jungle 2 &#8211; Op\u00e9ration tour du monde \u00e0 16h \u00c0 contretemps\u00a0\u00e0 20h45 (vo) samedi 16 septembre Oppenheimer \u00e0 20h45 dimanche 17 septembre Sur la branche \u00e0 20h45 mardi 19 septembre Juniors \u00e0 20h45 Les As de la jungle 2 &#8211; Op\u00e9ration tour du<span class=\"read-more-wrap\"><a class=\"moretag\" href=\"https:\/\/lelalano.fr\/index.php\/semaine-du-mer-13-septembre-au-mar-19-septembre-2023\/\">Lire la suite<span class=\"screen-reader-text\">Semaine du Mer. 13 septembre au Mar. 19 septembre 2023<\/span><\/a><\/span><\/p>\n","protected":false},"author":1,"featured_media":0,"parent":0,"menu_order":0,"comment_status":"closed","ping_status":"closed","template":"","meta":{"footnotes":""},"_links":{"self":[{"href":"https:\/\/lelalano.fr\/index.php\/wp-json\/wp\/v2\/pages\/10184"}],"collection":[{"href":"https:\/\/lelalano.fr\/index.php\/wp-json\/wp\/v2\/pages"}],"about":[{"href":"https:\/\/lelalano.fr\/index.php\/wp-json\/wp\/v2\/types\/page"}],"author":[{"embeddable":true,"href":"https:\/\/lelalano.fr\/index.php\/wp-json\/wp\/v2\/users\/1"}],"replies":[{"embeddable":true,"href":"https:\/\/lelalano.fr\/index.php\/wp-json\/wp\/v2\/comments?post=10184"}],"version-history":[{"count":23,"href":"https:\/\/lelalano.fr\/index.php\/wp-json\/wp\/v2\/pages\/10184\/revisions"}],"predecessor-version":[{"id":10211,"href":"https:\/\/lelalano.fr\/index.php\/wp-json\/wp\/v2\/pages\/10184\/revisions\/10211"}],"wp:attachment":[{"href":"https:\/\/lelalano.fr\/index.php\/wp-json\/wp\/v2\/media?parent=10184"}],"curies":[{"name":"wp","href":"https:\/\/api.w.org\/{rel}","templated":true}]}}