{"id":10427,"date":"2023-10-24T10:44:46","date_gmt":"2023-10-24T08:44:46","guid":{"rendered":"http:\/\/lelalano.fr\/?page_id=10427"},"modified":"2023-10-24T11:09:26","modified_gmt":"2023-10-24T09:09:26","slug":"semaine-du-mer-01-novembre-au-mar-07-novembre-2023","status":"publish","type":"page","link":"https:\/\/lelalano.fr\/index.php\/semaine-du-mer-01-novembre-au-mar-07-novembre-2023\/","title":{"rendered":"Semaine du Mer. 01 novembre au Mar. 07 novembre 2023"},"content":{"rendered":"<h4>Petit R\u00e9cap&#8217; de la semaine<\/h4>\n<p>\t\t\t\t\t\t\t\t\t\t\t\tmercredi 01 novembre\t\t\t\t\t<\/p>\n<ul>\n<li><a href=\"#nin\">Nina et le secret du h\u00e9risson<\/a> \u00e0 16h<\/li>\n<li><a href=\"#mys\">Myst\u00e8re \u00e0 Venise<\/a> \u00e0 20h45 (vo)<\/li>\n<\/ul>\n<p>\t\t\t\t\t\t\t\t\t\t\t\tsamedi 04 novembre\t\t\t\t\t<\/p>\n<ul>\n<li><a href=\"#lap\">La Petite<\/a> \u00e0 20h45<\/li>\n<\/ul>\n<p>\t\t\t\t\t\t\t\t\t\t\t\tdimanche 05 novembre\t\t\t\t\t<\/p>\n<ul>\n<li><a href=\"#ler\">Le R\u00e8gne animal<\/a> \u00e0 20h45<\/li>\n<\/ul>\n<p>\t\t\t\t\t\t\t\t\t\t\t\tmardi 07 novembre\t\t\t\t\t<\/p>\n<ul>\n<li><a href=\"#lec\">Le Consentement<\/a> \u00e0 20h45<\/li>\n<\/ul>\n<h4>Nina et le secret du h\u00e9risson<br \/>\n<\/h4>\n<p>\t\t\t\t\t\t\t\t\t\t<img loading=\"lazy\" decoding=\"async\" width=\"730\" height=\"994\" src=\"http:\/\/lelalano.fr\/wp-content\/uploads\/2023\/10\/nina-752x1024.jpg\" alt=\"\" srcset=\"http:\/\/lelalano.fr\/wp-content\/uploads\/2023\/10\/nina-752x1024.jpg 752w, http:\/\/lelalano.fr\/wp-content\/uploads\/2023\/10\/nina-220x300.jpg 220w, http:\/\/lelalano.fr\/wp-content\/uploads\/2023\/10\/nina-768x1046.jpg 768w, http:\/\/lelalano.fr\/wp-content\/uploads\/2023\/10\/nina.jpg 793w\" sizes=\"(max-width: 730px) 100vw, 730px\" \/>\t\t\t\t\t\t\t\t\t\t\t<\/p>\n<h2>Synopsis<\/h2>\n<p>Nina aime \u00e9couter les histoires que lui raconte son p\u00e8re pour s\u2019endormir, celles d\u2019un h\u00e9risson qui d\u00e9couvre le monde. Un soir, son p\u00e8re, pr\u00e9occup\u00e9 par son travail, ne vient pas lui conter une nouvelle aventure&#8230; Heureusement, son meilleur ami Mehdi est l\u00e0 pour l\u2019aider \u00e0 trouver une solution : et si le tr\u00e9sor cach\u00e9 dans la vieille usine pouvait r\u00e9soudre tous leurs probl\u00e8mes ?<br \/>Commence alors une grande aventure o\u00f9 il faut \u00e9chapper \u00e0 la vieille voisine et \u00e0 son chat Touffu, d\u00e9jouer les pi\u00e8ges du gardien et embobiner son gros chien&#8230; Sans compter le petit h\u00e9risson qui m\u00e8ne l\u2019enqu\u00eate \u00e0 leurs c\u00f4t\u00e9s !\t\t<\/p>\n<h4>S\u00c9ANCES<\/h4>\n<ul>\n<li >\n\t\t\t\t\t\t\t\t\t\tmercredi 01 novembre 16h\n\t\t\t\t\t\t\t\t\t<\/li>\n<\/ul>\n<h4>INFOS SUR LE FILM<\/h4>\n<p>\t\t<a href=\"https:\/\/www.allocine.fr\/film\/agenda\/sem-2023-10-11\/\"> 11 octobre 2023 <\/a> <strong> en salle <\/strong> \/ 1h 17min \/ <a href=\"https:\/\/www.allocine.fr\/films\/genre-13026\/\">Animation<\/a>De <a href=\"https:\/\/www.allocine.fr\/personne\/fichepersonne_gen_cpersonne=20844.html\">Alain Gagnol<\/a>, <a href=\"https:\/\/www.allocine.fr\/personne\/fichepersonne_gen_cpersonne=20843.html\">Jean-Loup Felicioli<\/a>Par <a href=\"https:\/\/www.allocine.fr\/personne\/fichepersonne_gen_cpersonne=20844.html\">Alain Gagnol<\/a>Avec <a href=\"https:\/\/www.allocine.fr\/personne\/fichepersonne_gen_cpersonne=24411.html\">Audrey Tautou<\/a>, <a href=\"https:\/\/www.allocine.fr\/personne\/fichepersonne_gen_cpersonne=17826.html\">Guillaume Canet<\/a>, <a href=\"https:\/\/www.allocine.fr\/personne\/fichepersonne_gen_cpersonne=1008143.html\">Loan Longchamp<\/a>\u00e0 partir de 6 ans<br \/>\n\t\t\t<a href=\"https:\/\/www.youtube.com\/watch?v=0PfdMuHAZyc\" target=\"_blank\" role=\"button\"><br \/>\n\t\t\t\t\t\tbande annonce<br \/>\n\t\t\t\t\t<\/a><br \/>\n\t\t\t<a href=\"#top\" role=\"button\"><br \/>\n\t\t\t\t\t\thaut de la page<br \/>\n\t\t\t\t\t<\/a><\/p>\n<h4>Myst\u00e8re \u00e0 Venise (vo)<\/h4>\n<p>\t\t\t\t\t\t\t\t\t\t<img loading=\"lazy\" decoding=\"async\" width=\"692\" height=\"1024\" src=\"http:\/\/lelalano.fr\/wp-content\/uploads\/2023\/09\/Myst\u00e8re-\u00e0-Venise-692x1024.jpg\" alt=\"\" srcset=\"http:\/\/lelalano.fr\/wp-content\/uploads\/2023\/09\/Myst\u00e8re-\u00e0-Venise-692x1024.jpg 692w, http:\/\/lelalano.fr\/wp-content\/uploads\/2023\/09\/Myst\u00e8re-\u00e0-Venise-203x300.jpg 203w, http:\/\/lelalano.fr\/wp-content\/uploads\/2023\/09\/Myst\u00e8re-\u00e0-Venise.jpg 730w\" sizes=\"(max-width: 692px) 100vw, 692px\" \/>\t\t\t\t\t\t\t\t\t\t\t<\/p>\n<h2>Synopsis<\/h2>\n<p>Avertissement : des sc\u00e8nes, des propos ou des images peuvent heurter la sensibilit\u00e9 des spectateursVenise, veille de la Toussaint, quelques ann\u00e9es apr\u00e8s la fin de la Seconde Guerre mondiale. C\u2019est l\u00e0 que vit d\u00e9sormais le c\u00e9l\u00e8bre d\u00e9tective Hercule Poirot, aujourd\u2019hui retrait\u00e9. Apr\u00e8s avoir consacr\u00e9 sa vie \u00e0 \u00e9lucider des crimes et avoir \u00e9t\u00e9 t\u00e9moin de ce qu\u2019il y a de pire chez l\u2019\u00eatre humain, il a renonc\u00e9 \u00e0 sa vocation d\u2019enqu\u00eateur. Et s\u2019il fait tout pour \u00e9viter d\u2019\u00eatre confront\u00e9 \u00e0 des affaires criminelles, ce sont souvent elles qui le rattrapent\u2026 <\/p>\n<p>Poirot re\u00e7oit chez lui une vieille amie, Ariadne Oliver, plus grande \u00e9crivaine de romans policiers au monde, qui lui assure que le motif de sa visite n\u2019a aucun rapport avec un crime : elle souhaiterait qu\u2019il l\u2019accompagne \u00e0 une s\u00e9ance de spiritisme et lui permette de prouver qu\u2019il s\u2019agit d\u2019une imposture. Intrigu\u00e9, Poirot accepte \u00e0 contrec\u0153ur d\u2019y assister et se retrouve alors dans un palais d\u00e9cr\u00e9pi et soi-disant hant\u00e9, appartenant \u00e0 la c\u00e9l\u00e8bre cantatrice Rowena Drake. Lorsque l\u2019un des participants est sauvagement assassin\u00e9, toutes les personnes pr\u00e9sentes deviennent de potentiels suspects. Le d\u00e9tective belge se retrouve une nouvelle fois plong\u00e9 dans un monde sinistre d\u2019ombres et de secrets\u2026\t\t<\/p>\n<h4>S\u00c9ANCES<\/h4>\n<ul>\n<li >\n\t\t\t\t\t\t\t\t\t\tmercredi 01 novembre 20h45 (vostfr : anglais sous-titr\u00e9 fran\u00e7ais)\n\t\t\t\t\t\t\t\t\t<\/li>\n<\/ul>\n<h4>INFOS SUR LE FILM<\/h4>\n<p>\t\t<a href=\"https:\/\/www.allocine.fr\/film\/agenda\/sem-2023-09-13\/\"> 13 septembre 2023 <\/a> <strong> en salle <\/strong> \/ 1h 44min \/ <a href=\"https:\/\/www.allocine.fr\/films\/genre-13018\/\">Policier<\/a>, <a href=\"https:\/\/www.allocine.fr\/films\/genre-13008\/\">Drame<\/a>, <a href=\"https:\/\/www.allocine.fr\/films\/genre-13023\/\">Thriller<\/a>De <a href=\"https:\/\/www.allocine.fr\/personne\/fichepersonne_gen_cpersonne=1792.html\">Kenneth Branagh<\/a>Par <a href=\"https:\/\/www.allocine.fr\/personne\/fichepersonne_gen_cpersonne=77188.html\">Michael Green<\/a>Avec <a href=\"https:\/\/www.allocine.fr\/personne\/fichepersonne_gen_cpersonne=1792.html\">Kenneth Branagh<\/a>, <a href=\"https:\/\/www.allocine.fr\/personne\/fichepersonne_gen_cpersonne=97560.html\">Tina Fey<\/a>, <a href=\"https:\/\/www.allocine.fr\/personne\/fichepersonne_gen_cpersonne=240868.html\">Camille Cottin<\/a>Titre original  A Haunting in Venice<br \/>\n\t\t\t<a href=\"https:\/\/www.youtube.com\/watch?v=bpNFkW4Ow28\" target=\"_blank\" role=\"button\"><br \/>\n\t\t\t\t\t\tVOIR LA BANDE ANNONCE<br \/>\n\t\t\t\t\t<\/a><br \/>\n\t\t\t<a href=\"#top\" role=\"button\"><br \/>\n\t\t\t\t\t\thaut de la page<br \/>\n\t\t\t\t\t<\/a><\/p>\n<h4>La Petite<\/h4>\n<p>\t\t\t\t\t\t\t\t\t\t<img loading=\"lazy\" decoding=\"async\" width=\"730\" height=\"994\" src=\"http:\/\/lelalano.fr\/wp-content\/uploads\/2023\/09\/La-Petite-752x1024.jpg\" alt=\"\" srcset=\"http:\/\/lelalano.fr\/wp-content\/uploads\/2023\/09\/La-Petite-752x1024.jpg 752w, http:\/\/lelalano.fr\/wp-content\/uploads\/2023\/09\/La-Petite-220x300.jpg 220w, http:\/\/lelalano.fr\/wp-content\/uploads\/2023\/09\/La-Petite-768x1046.jpg 768w, http:\/\/lelalano.fr\/wp-content\/uploads\/2023\/09\/La-Petite.jpg 793w\" sizes=\"(max-width: 730px) 100vw, 730px\" \/>\t\t\t\t\t\t\t\t\t\t\t<\/p>\n<h2>Synopsis<\/h2>\n<p>Joseph apprend que son fils et le compagnon de celui-ci viennent de p\u00e9rir dans un accident. Ils attendaient un enfant via une m\u00e8re porteuse en Belgique. Que va devenir leur futur b\u00e9b\u00e9 ? Joseph en est-il le grand-p\u00e8re l\u00e9gitime ? Port\u00e9 par la promesse de cette naissance qui va prolonger l\u2019existence de son fils, le sexag\u00e9naire part \u00e0 la rencontre de la jeune flamande au caract\u00e8re farouche et indomptable\u2026\t\t<\/p>\n<h4>S\u00c9ANCES<\/h4>\n<ul>\n<li >\n\t\t\t\t\t\t\t\t\t\tsamedi 04 novembre 20h45\n\t\t\t\t\t\t\t\t\t<\/li>\n<\/ul>\n<h4>INFOS SUR LE FILM<\/h4>\n<p>\t\t<a href=\"https:\/\/www.allocine.fr\/film\/agenda\/sem-2023-09-20\/\"> 20 septembre 2023 <\/a> <strong> en salle <\/strong> \/ 1h 33min \/ <a href=\"https:\/\/www.allocine.fr\/films\/genre-13008\/\">Drame<\/a>De <a href=\"https:\/\/www.allocine.fr\/personne\/fichepersonne_gen_cpersonne=26856.html\">Guillaume Nicloux<\/a>Par <a href=\"https:\/\/www.allocine.fr\/personne\/fichepersonne_gen_cpersonne=598266.html\">Fanny Chesnel<\/a>, <a href=\"https:\/\/www.allocine.fr\/personne\/fichepersonne_gen_cpersonne=26856.html\">Guillaume Nicloux<\/a>Avec <a href=\"https:\/\/www.allocine.fr\/personne\/fichepersonne_gen_cpersonne=923.html\">Fabrice Luchini<\/a>, <a href=\"https:\/\/www.allocine.fr\/personne\/fichepersonne_gen_cpersonne=864442.html\">Mara Taquin<\/a>, <a href=\"https:\/\/www.allocine.fr\/personne\/fichepersonne_gen_cpersonne=238646.html\">Maud Wyler<\/a><br \/>\n\t\t\t<a href=\"https:\/\/www.youtube.com\/watch?v=iuaJvUnnHTY\" target=\"_blank\" role=\"button\"><br \/>\n\t\t\t\t\t\tVoir la bande annonce<br \/>\n\t\t\t\t\t<\/a><br \/>\n\t\t\t<a href=\"#top\" role=\"button\"><br \/>\n\t\t\t\t\t\thaut de la page<br \/>\n\t\t\t\t\t<\/a><\/p>\n<h4>Le R\u00e8gne animal<\/h4>\n<p>\t\t\t\t\t\t\t\t\t\t<img loading=\"lazy\" decoding=\"async\" width=\"730\" height=\"973\" src=\"http:\/\/lelalano.fr\/wp-content\/uploads\/2023\/10\/Le-R\u00e8gne-animal-768x1024.jpg\" alt=\"\" srcset=\"http:\/\/lelalano.fr\/wp-content\/uploads\/2023\/10\/Le-R\u00e8gne-animal-768x1024.jpg 768w, http:\/\/lelalano.fr\/wp-content\/uploads\/2023\/10\/Le-R\u00e8gne-animal-225x300.jpg 225w, http:\/\/lelalano.fr\/wp-content\/uploads\/2023\/10\/Le-R\u00e8gne-animal.jpg 810w\" sizes=\"(max-width: 730px) 100vw, 730px\" \/>\t\t\t\t\t\t\t\t\t\t\t<\/p>\n<h2>Synopsis<\/h2>\n<p>Avertissement : des sc\u00e8nes, des propos ou des images peuvent heurter la sensibilit\u00e9 des spectateursDans un monde en proie \u00e0 une vague de mutations qui transforment peu \u00e0 peu certains humains en animaux, Fran\u00e7ois fait tout pour sauver sa femme, touch\u00e9e par ce ph\u00e9nom\u00e8ne myst\u00e9rieux. Alors que la r\u00e9gion se peuple de cr\u00e9atures d&#8217;un nouveau genre, il embarque \u00c9mile, leur fils de 16 ans, dans une qu\u00eate qui bouleversera \u00e0 jamais leur existence.\t\t<\/p>\n<h4>S\u00c9ANCES<\/h4>\n<ul>\n<li >\n\t\t\t\t\t\t\t\t\t\tdimanche 05 novembre 20h45\n\t\t\t\t\t\t\t\t\t<\/li>\n<\/ul>\n<h4>INFOS SUR LE FILM<\/h4>\n<p>\t\t<a href=\"https:\/\/www.youtube.com\/watch?v=K1pfR_IC7pU\"> 4 octobre 2023 <strong> en salle <\/strong> \/ 2h 08min \/ Drame, Aventure, Fantastique<\/a><a href=\"https:\/\/www.youtube.com\/watch?v=K1pfR_IC7pU\">De Thomas Cailley<\/a><a href=\"https:\/\/www.youtube.com\/watch?v=K1pfR_IC7pU\">Par Thomas Cailley, Pauline Munier<\/a><a href=\"https:\/\/www.youtube.com\/watch?v=K1pfR_IC7pU\">Avec Romain Duris, Paul Kircher, Ad\u00e8le Exarchopoulos<\/a><br \/>\n\t\t\t<a href=\"https:\/\/www.youtube.com\/watch?v=K1pfR_IC7pU\" target=\"_blank\" role=\"button\"><br \/>\n\t\t\t\t\t\tVOIR LA BANDE ANNONCE<br \/>\n\t\t\t\t\t<\/a><br \/>\n\t\t\t<a href=\"#top\" role=\"button\"><br \/>\n\t\t\t\t\t\thaut de la page<br \/>\n\t\t\t\t\t<\/a><\/p>\n<h4>Le Consentement<\/h4>\n<p>\t\t\t\t\t\t\t\t\t\t<img loading=\"lazy\" decoding=\"async\" width=\"730\" height=\"972\" src=\"http:\/\/lelalano.fr\/wp-content\/uploads\/2023\/10\/le-consentement-769x1024.jpg\" alt=\"\" srcset=\"http:\/\/lelalano.fr\/wp-content\/uploads\/2023\/10\/le-consentement-769x1024.jpg 769w, http:\/\/lelalano.fr\/wp-content\/uploads\/2023\/10\/le-consentement-225x300.jpg 225w, http:\/\/lelalano.fr\/wp-content\/uploads\/2023\/10\/le-consentement-768x1023.jpg 768w, http:\/\/lelalano.fr\/wp-content\/uploads\/2023\/10\/le-consentement.jpg 811w\" sizes=\"(max-width: 730px) 100vw, 730px\" \/>\t\t\t\t\t\t\t\t\t\t\t<\/p>\n<h2>Synopsis<\/h2>\n<p><strong>Interdit aux moins de 12 ans avec avertissement<\/strong>Paris, 1985. Vanessa a treize ans lorsqu&#8217;elle rencontre Gabriel Matzneff, \u00e9crivain quinquag\u00e9naire de renom. La jeune adolescente devient l&#8217;amante et la muse de cet homme c\u00e9l\u00e9br\u00e9 par le monde culturel et politique. Se perdant dans la relation, elle subit de plus en plus violemment l\u2019emprise destructrice que ce pr\u00e9dateur exerce sur elle.<\/p>\n<p>\u00a0<\/p>\n<h4>S\u00c9ANCES<\/h4>\n<ul>\n<li >\n\t\t\t\t\t\t\t\t\t\tmardi 07 novembre 20h45\n\t\t\t\t\t\t\t\t\t<\/li>\n<\/ul>\n<h4>INFOS SUR LE FILM<\/h4>\n<p>\t\t<a href=\"https:\/\/www.allocine.fr\/film\/agenda\/sem-2023-10-11\/\"> 11 octobre 2023 <\/a> <strong> en salle <\/strong> \/ 1h 58min \/ <a href=\"https:\/\/www.allocine.fr\/films\/genre-13008\/\">Drame<\/a>, <a href=\"https:\/\/www.allocine.fr\/films\/genre-13027\/\">Biopic<\/a>De <a href=\"https:\/\/www.allocine.fr\/personne\/fichepersonne_gen_cpersonne=635757.html\">Vanessa Filho<\/a>Par <a href=\"https:\/\/www.allocine.fr\/personne\/fichepersonne_gen_cpersonne=635757.html\">Vanessa Filho<\/a>Avec <a href=\"https:\/\/www.allocine.fr\/personne\/fichepersonne_gen_cpersonne=21750.html\">Jean-Paul Rouve<\/a>, <a href=\"https:\/\/www.allocine.fr\/personne\/fichepersonne_gen_cpersonne=900535.html\">Kim Higelin<\/a>, <a href=\"https:\/\/www.allocine.fr\/personne\/fichepersonne_gen_cpersonne=35293.html\">Laetitia Casta<\/a><br \/>\n\t\t\t<a href=\"https:\/\/www.youtube.com\/watch?v=lfGiASuOs2I\" target=\"_blank\" role=\"button\"><br \/>\n\t\t\t\t\t\tVOIR LA BANDE ANNONCE<br \/>\n\t\t\t\t\t<\/a><br \/>\n\t\t\t<a href=\"#top\" role=\"button\"><br \/>\n\t\t\t\t\t\thaut de la page<br \/>\n\t\t\t\t\t<\/a><\/p>\n","protected":false},"excerpt":{"rendered":"<p>Petit R\u00e9cap&#8217; de la semaine mercredi 01 novembre Nina et le secret du h\u00e9risson \u00e0 16h Myst\u00e8re \u00e0 Venise \u00e0 20h45 (vo) samedi 04 novembre La Petite \u00e0 20h45 dimanche 05 novembre Le R\u00e8gne animal \u00e0 20h45 mardi 07 novembre Le Consentement \u00e0 20h45 Nina et le secret du h\u00e9risson Synopsis Nina aime \u00e9couter les<span class=\"read-more-wrap\"><a class=\"moretag\" href=\"https:\/\/lelalano.fr\/index.php\/semaine-du-mer-01-novembre-au-mar-07-novembre-2023\/\">Lire la suite<span class=\"screen-reader-text\">Semaine du Mer. 01 novembre au Mar. 07 novembre 2023<\/span><\/a><\/span><\/p>\n","protected":false},"author":1,"featured_media":0,"parent":0,"menu_order":0,"comment_status":"closed","ping_status":"closed","template":"","meta":{"footnotes":""},"_links":{"self":[{"href":"https:\/\/lelalano.fr\/index.php\/wp-json\/wp\/v2\/pages\/10427"}],"collection":[{"href":"https:\/\/lelalano.fr\/index.php\/wp-json\/wp\/v2\/pages"}],"about":[{"href":"https:\/\/lelalano.fr\/index.php\/wp-json\/wp\/v2\/types\/page"}],"author":[{"embeddable":true,"href":"https:\/\/lelalano.fr\/index.php\/wp-json\/wp\/v2\/users\/1"}],"replies":[{"embeddable":true,"href":"https:\/\/lelalano.fr\/index.php\/wp-json\/wp\/v2\/comments?post=10427"}],"version-history":[{"count":15,"href":"https:\/\/lelalano.fr\/index.php\/wp-json\/wp\/v2\/pages\/10427\/revisions"}],"predecessor-version":[{"id":10445,"href":"https:\/\/lelalano.fr\/index.php\/wp-json\/wp\/v2\/pages\/10427\/revisions\/10445"}],"wp:attachment":[{"href":"https:\/\/lelalano.fr\/index.php\/wp-json\/wp\/v2\/media?parent=10427"}],"curies":[{"name":"wp","href":"https:\/\/api.w.org\/{rel}","templated":true}]}}