{"id":11373,"date":"2024-05-16T14:15:45","date_gmt":"2024-05-16T12:15:45","guid":{"rendered":"http:\/\/lelalano.fr\/?page_id=11373"},"modified":"2024-05-16T14:24:20","modified_gmt":"2024-05-16T12:24:20","slug":"semaine-du-mer-26-juin-au-mar-02-juillet-2024","status":"publish","type":"page","link":"https:\/\/lelalano.fr\/index.php\/semaine-du-mer-26-juin-au-mar-02-juillet-2024\/","title":{"rendered":"Semaine du Mer. 26 juin au Mar. 02 juillet 2024"},"content":{"rendered":"<h4>Petit R\u00e9cap&#8217; de la semaine<\/h4>\n<p>\t\t\t\t\t\t\t\t\t\t\t\tmercredi 26 juin\t\t\t\t\t<\/p>\n<ul>\n<li><a href=\"#roq\">Roqya<\/a> \u00e0 20h45<em> (int &#8211; 12 ans)<\/em><\/li>\n<\/ul>\n<p>\t\t\t\t\t\t\t\t\t\t\t\tmardi 02 juillet\t\t\t\t\t<\/p>\n<ul>\n<li><a href=\"#unp\">Un p&#8217;tit truc en plus<\/a> \u00e0 20h45<\/li>\n<\/ul>\n<h4>Roqya<\/h4>\n<p>\t\t\t\t\t\t\t\t\t\t<img width=\"730\" height=\"973\" src=\"http:\/\/lelalano.fr\/wp-content\/uploads\/2024\/05\/Roqya-768x1024.jpg\" alt=\"\" decoding=\"async\" loading=\"lazy\" srcset=\"http:\/\/lelalano.fr\/wp-content\/uploads\/2024\/05\/Roqya-768x1024.jpg 768w, http:\/\/lelalano.fr\/wp-content\/uploads\/2024\/05\/Roqya-225x300.jpg 225w, http:\/\/lelalano.fr\/wp-content\/uploads\/2024\/05\/Roqya.jpg 810w\" sizes=\"(max-width: 730px) 100vw, 730px\" \/>\t\t\t\t\t\t\t\t\t\t\t<\/p>\n<h2>Synopsis<\/h2>\n<p>Interdit &#8211; 12 ans\u00a0<\/p>\n<p>Nour vit de contrebande d&#8217;animaux exotiques pour des gu\u00e9risseurs. Lorsqu\u2019une consultation d\u00e9rape, elle est accus\u00e9e de sorcellerie. Pourchass\u00e9e par les habitants du quartier et s\u00e9par\u00e9e de son fils, elle se lance alors dans une course effr\u00e9n\u00e9e pour le sauver. La traque commence\u2026<\/p>\n<h4>S\u00c9ANCES<\/h4>\n<ul>\n<li >\n\t\t\t\t\t\t\t\t\t\tmercredi 26 juin 20h45 (int &#8211; 12 ans)\n\t\t\t\t\t\t\t\t\t<\/li>\n<\/ul>\n<h4>INFOS SUR LE FILM<\/h4>\n<p>\t\t<a href=\"https:\/\/www.allocine.fr\/film\/agenda\/sem-2024-05-15\/\"> 15 mai 2024 <\/a>  en salle  | 1h 37min | <a href=\"https:\/\/www.allocine.fr\/films\/genre-13025\/\">Action<\/a>, <a href=\"https:\/\/www.allocine.fr\/films\/genre-13023\/\">Thriller<\/a>De <a href=\"https:\/\/www.allocine.fr\/personne\/fichepersonne_gen_cpersonne=925825.html\">Sa\u00efd Belktibia<\/a>Par <a href=\"https:\/\/www.allocine.fr\/personne\/fichepersonne_gen_cpersonne=925825.html\">Sa\u00efd Belktibia<\/a>, <a href=\"https:\/\/www.allocine.fr\/personne\/fichepersonne_gen_cpersonne=926609.html\">Louis P\u00e9nicaut<\/a>Avec <a href=\"https:\/\/www.allocine.fr\/personne\/fichepersonne_gen_cpersonne=172028.html\">Golshifteh Farahani<\/a>, <a href=\"https:\/\/www.allocine.fr\/personne\/fichepersonne_gen_cpersonne=1017628.html\">Amine Zariouhi<\/a>, <a href=\"https:\/\/www.allocine.fr\/personne\/fichepersonne_gen_cpersonne=878831.html\">Jeremy Ferrari<\/a><br \/>\n\t\t\t<a href=\"https:\/\/www.youtube.com\/watch?v=dCPYR9R1Oeo\" target=\"_blank\" role=\"button\" rel=\"noopener\"><br \/>\n\t\t\t\t\t\tbande annonce<br \/>\n\t\t\t\t\t<\/a><br \/>\n\t\t\t<a href=\"#top\" role=\"button\"><br \/>\n\t\t\t\t\t\thaut de la page<br \/>\n\t\t\t\t\t<\/a><\/p>\n<h4>Un p&#8217;tit truc en plus<\/h4>\n<p>\t\t\t\t\t\t\t\t\t\t<img width=\"730\" height=\"973\" src=\"http:\/\/lelalano.fr\/wp-content\/uploads\/2024\/04\/Un-ptit-truc-en-plus-768x1024.jpg\" alt=\"\" decoding=\"async\" loading=\"lazy\" srcset=\"http:\/\/lelalano.fr\/wp-content\/uploads\/2024\/04\/Un-ptit-truc-en-plus-768x1024.jpg 768w, http:\/\/lelalano.fr\/wp-content\/uploads\/2024\/04\/Un-ptit-truc-en-plus-225x300.jpg 225w, http:\/\/lelalano.fr\/wp-content\/uploads\/2024\/04\/Un-ptit-truc-en-plus.jpg 810w\" sizes=\"(max-width: 730px) 100vw, 730px\" \/>\t\t\t\t\t\t\t\t\t\t\t<\/p>\n<h2>Synopsis<\/h2>\n<p>Tout public<\/p>\n<p>Pour \u00e9chapper \u00e0 la police, un fils et son p\u00e8re en cavale sont contraints de trouver refuge dans une colonie de vacances pour jeunes adultes en situation de handicap, se faisant passer pour un pensionnaire et son \u00e9ducateur sp\u00e9cialis\u00e9. Le d\u00e9but des emmerdes et d\u2019une formidable exp\u00e9rience humaine qui va les changer \u00e0 jamais.<\/p>\n<h4>S\u00c9ANCES<\/h4>\n<ul>\n<li >\n\t\t\t\t\t\t\t\t\t\tmardi 02 juillet 20h45\n\t\t\t\t\t\t\t\t\t<\/li>\n<\/ul>\n<h4>INFOS SUR LE FILM<\/h4>\n<p>\t\t<a href=\"https:\/\/www.allocine.fr\/film\/agenda\/sem-2024-05-01\/\">1 mai 2024\u00a0<\/a>en salle\u00a0|\u00a01h 39min\u00a0|\u00a0<a href=\"https:\/\/www.allocine.fr\/films\/genre-13005\/\">Com\u00e9die<\/a>De\u00a0<a href=\"https:\/\/www.allocine.fr\/personne\/fichepersonne_gen_cpersonne=801910.html\">Artus<\/a>Par\u00a0<a href=\"https:\/\/www.allocine.fr\/personne\/fichepersonne_gen_cpersonne=801910.html\">Artus<\/a>,\u00a0<a href=\"https:\/\/www.allocine.fr\/personne\/fichepersonne_gen_cpersonne=209003.html\">Milan Mauger<\/a>Avec\u00a0<a href=\"https:\/\/www.allocine.fr\/personne\/fichepersonne_gen_cpersonne=801910.html\">Artus<\/a>,\u00a0<a href=\"https:\/\/www.allocine.fr\/personne\/fichepersonne_gen_cpersonne=7754.html\">Clovis Cornillac<\/a>,\u00a0<a href=\"https:\/\/www.allocine.fr\/personne\/fichepersonne_gen_cpersonne=486844.html\">Alice Bela\u00efdi<\/a><br \/>\n\t\t\t<a href=\"https:\/\/www.youtube.com\/watch?v=AgzoDtfiS_U\" target=\"_blank\" role=\"button\" rel=\"noopener\"><br \/>\n\t\t\t\t\t\tVoir la bande annonce<br \/>\n\t\t\t\t\t<\/a><br \/>\n\t\t\t<a href=\"#top\" role=\"button\"><br \/>\n\t\t\t\t\t\thaut de la page<br \/>\n\t\t\t\t\t<\/a><\/p>\n","protected":false},"excerpt":{"rendered":"<p>Petit R\u00e9cap&#8217; de la semaine mercredi 26 juin Roqya \u00e0 20h45 (int &#8211; 12 ans) mardi 02 juillet Un p&#8217;tit truc en plus \u00e0 20h45 Roqya Synopsis Interdit &#8211; 12 ans\u00a0 Nour vit de contrebande d&#8217;animaux exotiques pour des gu\u00e9risseurs. Lorsqu\u2019une consultation d\u00e9rape, elle est accus\u00e9e de sorcellerie. Pourchass\u00e9e par les habitants du quartier et<span class=\"read-more-wrap\"><a class=\"moretag\" href=\"https:\/\/lelalano.fr\/index.php\/semaine-du-mer-26-juin-au-mar-02-juillet-2024\/\">Lire la suite<span class=\"screen-reader-text\">Semaine du Mer. 26 juin au Mar. 02 juillet 2024<\/span><\/a><\/span><\/p>\n","protected":false},"author":1,"featured_media":0,"parent":0,"menu_order":0,"comment_status":"closed","ping_status":"closed","template":"","meta":{"footnotes":""},"_links":{"self":[{"href":"https:\/\/lelalano.fr\/index.php\/wp-json\/wp\/v2\/pages\/11373"}],"collection":[{"href":"https:\/\/lelalano.fr\/index.php\/wp-json\/wp\/v2\/pages"}],"about":[{"href":"https:\/\/lelalano.fr\/index.php\/wp-json\/wp\/v2\/types\/page"}],"author":[{"embeddable":true,"href":"https:\/\/lelalano.fr\/index.php\/wp-json\/wp\/v2\/users\/1"}],"replies":[{"embeddable":true,"href":"https:\/\/lelalano.fr\/index.php\/wp-json\/wp\/v2\/comments?post=11373"}],"version-history":[{"count":9,"href":"https:\/\/lelalano.fr\/index.php\/wp-json\/wp\/v2\/pages\/11373\/revisions"}],"predecessor-version":[{"id":11384,"href":"https:\/\/lelalano.fr\/index.php\/wp-json\/wp\/v2\/pages\/11373\/revisions\/11384"}],"wp:attachment":[{"href":"https:\/\/lelalano.fr\/index.php\/wp-json\/wp\/v2\/media?parent=11373"}],"curies":[{"name":"wp","href":"https:\/\/api.w.org\/{rel}","templated":true}]}}