{"id":11911,"date":"2024-09-01T19:58:35","date_gmt":"2024-09-01T17:58:35","guid":{"rendered":"http:\/\/lelalano.fr\/?page_id=11911"},"modified":"2024-09-01T20:23:23","modified_gmt":"2024-09-01T18:23:23","slug":"semaine-du-mer-25-septembre-au-mar-01-octobre-2024","status":"publish","type":"page","link":"https:\/\/lelalano.fr\/index.php\/semaine-du-mer-25-septembre-au-mar-01-octobre-2024\/","title":{"rendered":"Semaine du Mer. 25 septembre au Mar. 01 octobre 2024"},"content":{"rendered":"<h4>Petit R\u00e9cap&#8217; de la semaine<\/h4>\n<p>\t\t\t\t\t\t\t\t\t\t\t\tmercredi 25 septembre\t\t\t\t\t<\/p>\n<ul>\n<li><a href=\"#tat\">Tatami<\/a> \u00e0 20h45 (vostfr)<\/li>\n<\/ul>\n<p>\t\t\t\t\t\t\t\t\t\t\t\tsamedi 28 septembre\t\t\t\t\t<\/p>\n<ul>\n<li><a href=\"#ala\">\u00c0 l&#8217;ancienne<\/a> \u00e0 20h45<\/li>\n<\/ul>\n<p>\t\t\t\t\t\t\t\t\t\t\t\tdimanche 29 septembre\t\t\t\t\t<\/p>\n<ul>\n<li><a href=\"#lap\">La Prisonni\u00e8re de Bordeaux<\/a> \u00e0 20h45<\/li>\n<\/ul>\n<p>\t\t\t\t\t\t\t\t\t\t\t\tmardi 01 octobre\t\t\t\t\t<\/p>\n<ul>\n<li><a href=\"#tra\">Trap<\/a> \u00e0 20h45 (vostfr)<\/li>\n<\/ul>\n<h4>Tatami (vo)<\/h4>\n<p>\t\t\t\t\t\t\t\t\t\t<img width=\"730\" height=\"973\" src=\"http:\/\/lelalano.fr\/wp-content\/uploads\/2024\/09\/Tatami-768x1024.jpg\" alt=\"\" decoding=\"async\" loading=\"lazy\" srcset=\"http:\/\/lelalano.fr\/wp-content\/uploads\/2024\/09\/Tatami-768x1024.jpg 768w, http:\/\/lelalano.fr\/wp-content\/uploads\/2024\/09\/Tatami-225x300.jpg 225w, http:\/\/lelalano.fr\/wp-content\/uploads\/2024\/09\/Tatami.jpg 810w\" sizes=\"(max-width: 730px) 100vw, 730px\" \/>\t\t\t\t\t\t\t\t\t\t\t<\/p>\n<h2>Synopsis<\/h2>\n<p>La judokate iranienne Leila et son entra\u00eeneuse Maryam se rendent aux Championnats du monde de judo avec l&#8217;intention de ramener sa premi\u00e8re m\u00e9daille d&#8217;or \u00e0 l&#8217;Iran. Mais au cours de la comp\u00e9tition, elles re\u00e7oivent un ultimatum de la R\u00e9publique islamique ordonnant \u00e0 Leila de simuler une blessure et d\u2019abandonner pour \u00e9viter une possible confrontation avec l\u2019athl\u00e8te isra\u00e9lienne. Sa libert\u00e9 et celle de sa famille \u00e9tant en jeu, Leila se retrouve face \u00e0 un choix impossible : se plier au r\u00e9gime iranien, comme l&#8217;implore son entra\u00eeneuse, ou se battre pour r\u00e9aliser son r\u00eave.\t\t<\/p>\n<h4>S\u00c9ANCES<\/h4>\n<ul>\n<li >\n\t\t\t\t\t\t\t\t\t\tmercredi 25 septembre 20h45 (vostfr)\n\t\t\t\t\t\t\t\t\t<\/li>\n<\/ul>\n<h4>INFOS SUR LE FILM<\/h4>\n<p>\t\t<a href=\"https:\/\/www.allocine.fr\/film\/agenda\/sem-2024-09-04\/\"> 4 septembre 2024 <\/a>  en salle  | 1h 43min | <a href=\"https:\/\/www.allocine.fr\/films\/genre-13008\/\">Drame<\/a>De <a href=\"https:\/\/www.allocine.fr\/personne\/fichepersonne_gen_cpersonne=728751.html\">Zar Amir Ebrahimi<\/a>, <a href=\"https:\/\/www.allocine.fr\/personne\/fichepersonne_gen_cpersonne=258101.html\">Guy Nattiv<\/a>Par <a href=\"https:\/\/www.allocine.fr\/personne\/fichepersonne_gen_cpersonne=258101.html\">Guy Nattiv<\/a>, <a href=\"https:\/\/www.allocine.fr\/personne\/fichepersonne_gen_cpersonne=1001122.html\">Elham Erfani<\/a>Avec <a href=\"https:\/\/www.allocine.fr\/personne\/fichepersonne_gen_cpersonne=749416.html\">Arienne Mandi<\/a>, <a href=\"https:\/\/www.allocine.fr\/personne\/fichepersonne_gen_cpersonne=728751.html\">Zar Amir Ebrahimi<\/a>, <a href=\"https:\/\/www.allocine.fr\/personne\/fichepersonne_gen_cpersonne=859040.html\">Ash Goldeh<\/a><br \/>\n\t\t\t<a href=\"https:\/\/www.youtube.com\/watch?v=lCZj9EVcslk\" target=\"_blank\" role=\"button\" rel=\"noopener\"><br \/>\n\t\t\t\t\t\tbande annonce<br \/>\n\t\t\t\t\t<\/a><br \/>\n\t\t\t<a href=\"#top\" role=\"button\"><br \/>\n\t\t\t\t\t\thaut de la page<br \/>\n\t\t\t\t\t<\/a><\/p>\n<h4>\u00c0 l\u2019ancienne<\/h4>\n<p>\t\t\t\t\t\t\t\t\t\t<img width=\"730\" height=\"973\" src=\"http:\/\/lelalano.fr\/wp-content\/uploads\/2024\/09\/A-lancienne-768x1024.jpg\" alt=\"\" decoding=\"async\" loading=\"lazy\" srcset=\"http:\/\/lelalano.fr\/wp-content\/uploads\/2024\/09\/A-lancienne-768x1024.jpg 768w, http:\/\/lelalano.fr\/wp-content\/uploads\/2024\/09\/A-lancienne-225x300.jpg 225w, http:\/\/lelalano.fr\/wp-content\/uploads\/2024\/09\/A-lancienne.jpg 810w\" sizes=\"(max-width: 730px) 100vw, 730px\" \/>\t\t\t\t\t\t\t\t\t\t\t<\/p>\n<h2><strong>Synopsis<\/strong><\/h2>\n<p>Tout public\u00a0<\/p>\n<p>Deux amis de toujours vivent sur une petite ile de Bretagne et d\u00e9couvrent que l&#8217;un des habitants a gagn\u00e9 le gros lot \u00e0 la loterie nationale. Les deux vieilles canailles se mettent alors \u00e0 la recherche du myst\u00e9rieux gagnant afin de s&#8217;assurer ses faveurs avant que la nouvelle ne se r\u00e9pande. Mais lorsqu\u2019ils d\u00e9couvrent que ce dernier est mort, ticket gagnant en main, ils d\u00e9cident d\u2019organiser avec la complicit\u00e9 de tout le village une grande arnaque au loto pour prendre sa place.<\/p>\n<h4>S\u00c9ANCES<\/h4>\n<ul>\n<li >\n\t\t\t\t\t\t\t\t\t\tsamedi 28 septembre 20h45\n\t\t\t\t\t\t\t\t\t<\/li>\n<\/ul>\n<h4>INFOS SUR LE FILM<\/h4>\n<p>\t\t<a href=\"https:\/\/www.allocine.fr\/film\/agenda\/sem-2024-09-04\/\"> 4 septembre 2024 <\/a>  en salle  | <a href=\"https:\/\/www.allocine.fr\/films\/genre-13005\/\">Com\u00e9die<\/a>De <a href=\"https:\/\/www.allocine.fr\/personne\/fichepersonne_gen_cpersonne=266625.html\">Herv\u00e9 Mimran<\/a>Par <a href=\"https:\/\/www.allocine.fr\/personne\/fichepersonne_gen_cpersonne=202317.html\">Igor Gotesman<\/a>, <a href=\"https:\/\/www.allocine.fr\/personne\/fichepersonne_gen_cpersonne=220553.html\">William Gotesman<\/a>Avec <a href=\"https:\/\/www.allocine.fr\/personne\/fichepersonne_gen_cpersonne=18855.html\">Didier Bourdon<\/a>, <a href=\"https:\/\/www.allocine.fr\/personne\/fichepersonne_gen_cpersonne=2349.html\">G\u00e9rard Darmon<\/a>, <a href=\"https:\/\/www.allocine.fr\/personne\/fichepersonne_gen_cpersonne=17765.html\">Chantal Lauby<\/a><br \/>\n\t\t\t<a href=\"https:\/\/www.youtube.com\/watch?v=N03G_Y0yOg0\" target=\"_blank\" role=\"button\" rel=\"noopener\"><br \/>\n\t\t\t\t\t\tVOIR LA BANDE ANNONCE<br \/>\n\t\t\t\t\t<\/a><br \/>\n\t\t\t<a href=\"#top\" role=\"button\"><br \/>\n\t\t\t\t\t\thaut de la page<br \/>\n\t\t\t\t\t<\/a><\/p>\n<h4>La Prisonni\u00e8re de Bordeaux<\/h4>\n<p>\t\t\t\t\t\t\t\t\t\t<img width=\"730\" height=\"973\" src=\"http:\/\/lelalano.fr\/wp-content\/uploads\/2024\/09\/La-Prisonniere-de-Bordeaux-768x1024.jpg\" alt=\"\" decoding=\"async\" loading=\"lazy\" srcset=\"http:\/\/lelalano.fr\/wp-content\/uploads\/2024\/09\/La-Prisonniere-de-Bordeaux-768x1024.jpg 768w, http:\/\/lelalano.fr\/wp-content\/uploads\/2024\/09\/La-Prisonniere-de-Bordeaux-225x300.jpg 225w, http:\/\/lelalano.fr\/wp-content\/uploads\/2024\/09\/La-Prisonniere-de-Bordeaux.jpg 810w\" sizes=\"(max-width: 730px) 100vw, 730px\" \/>\t\t\t\t\t\t\t\t\t\t\t<\/p>\n<h2>Synopsis<\/h2>\n<p>Tout public\u00a0<\/p>\n<p>Alma, seule dans sa grande maison en ville, et Mina, jeune m\u00e8re dans une lointaine banlieue, ont organis\u00e9 leur vie autour de l\u2019absence de leurs deux maris d\u00e9tenus au m\u00eame endroit\u2026 A l\u2019occasion d\u2019un parloir, les deux femmes se rencontrent et s\u2019engagent dans une amiti\u00e9 aussi improbable que tumultueuse\u2026<\/p>\n<h4>S\u00c9ANCES<\/h4>\n<ul>\n<li >\n\t\t\t\t\t\t\t\t\t\tdimanche 29 septembre 20h45\n\t\t\t\t\t\t\t\t\t<\/li>\n<\/ul>\n<h4>INFOS SUR LE FILM<\/h4>\n<p>\t\t<a href=\"https:\/\/www.allocine.fr\/film\/agenda\/sem-2024-08-28\/\"> 28 ao\u00fbt 2024 <\/a>  en salle  | 1h 48min | <a href=\"https:\/\/www.allocine.fr\/films\/genre-13008\/\">Drame<\/a>De <a href=\"https:\/\/www.allocine.fr\/personne\/fichepersonne_gen_cpersonne=11289.html\">Patricia Mazuy<\/a>Par <a href=\"https:\/\/www.allocine.fr\/personne\/fichepersonne_gen_cpersonne=156094.html\">Fran\u00e7ois B\u00e9gaudeau<\/a>, <a href=\"https:\/\/www.allocine.fr\/personne\/fichepersonne_gen_cpersonne=23781.html\">Pierre Courr\u00e8ge<\/a>Avec <a href=\"https:\/\/www.allocine.fr\/personne\/fichepersonne_gen_cpersonne=947.html\">Isabelle Huppert<\/a>, <a href=\"https:\/\/www.allocine.fr\/personne\/fichepersonne_gen_cpersonne=135371.html\">Hafsia Herzi<\/a>, <a href=\"https:\/\/www.allocine.fr\/personne\/fichepersonne_gen_cpersonne=642335.html\">William Edimo<\/a><br \/>\n\t\t\t<a href=\"https:\/\/www.youtube.com\/watch?v=hUB4D5sBIcs\" target=\"_blank\" role=\"button\" rel=\"noopener\"><br \/>\n\t\t\t\t\t\tVoir la bande annonce<br \/>\n\t\t\t\t\t<\/a><br \/>\n\t\t\t<a href=\"#top\" role=\"button\"><br \/>\n\t\t\t\t\t\thaut de la page<br \/>\n\t\t\t\t\t<\/a><\/p>\n<h4>Trap (vo)<\/h4>\n<p>\t\t\t\t\t\t\t\t\t\t<img width=\"691\" height=\"1024\" src=\"http:\/\/lelalano.fr\/wp-content\/uploads\/2024\/09\/Trap-691x1024.jpg\" alt=\"\" decoding=\"async\" loading=\"lazy\" srcset=\"http:\/\/lelalano.fr\/wp-content\/uploads\/2024\/09\/Trap-691x1024.jpg 691w, http:\/\/lelalano.fr\/wp-content\/uploads\/2024\/09\/Trap-203x300.jpg 203w, http:\/\/lelalano.fr\/wp-content\/uploads\/2024\/09\/Trap.jpg 729w\" sizes=\"(max-width: 691px) 100vw, 691px\" \/>\t\t\t\t\t\t\t\t\t\t\t<\/p>\n<h2>Synopsis<\/h2>\n<p>Tout public\u00a0<\/p>\n<p>30 000 spectateurs. 300 policiers. Un tueur.<\/p>\n<p>Cooper, p\u00e8re de famille et tueur en s\u00e9rie, se retrouve pris au pi\u00e8ge par la police en plein c\u0153ur d\u2019un concert.<\/p>\n<p>S\u2019\u00e9chappera-t-il ?<\/p>\n<h4>S\u00c9ANCES<\/h4>\n<ul>\n<li >\n\t\t\t\t\t\t\t\t\t\tmardi 01 octobre 20h45 (vostfr)\n\t\t\t\t\t\t\t\t\t<\/li>\n<\/ul>\n<h4>INFOS SUR LE FILM<\/h4>\n<p>\t\t<a href=\"https:\/\/www.allocine.fr\/film\/agenda\/sem-2024-08-07\/\"> 7 ao\u00fbt 2024 <\/a>  en salle  | 1h 45min | <a href=\"https:\/\/www.allocine.fr\/films\/genre-13023\/\">Thriller<\/a>De <a href=\"https:\/\/www.allocine.fr\/personne\/fichepersonne_gen_cpersonne=30601.html\">M. Night Shyamalan<\/a>Par <a href=\"https:\/\/www.allocine.fr\/personne\/fichepersonne_gen_cpersonne=30601.html\">M. Night Shyamalan<\/a>Avec <a href=\"https:\/\/www.allocine.fr\/personne\/fichepersonne_gen_cpersonne=8766.html\">Josh Hartnett<\/a>, <a href=\"https:\/\/www.allocine.fr\/personne\/fichepersonne_gen_cpersonne=926076.html\">Ariel Donoghue<\/a>, <a href=\"https:\/\/www.allocine.fr\/personne\/fichepersonne_gen_cpersonne=80803.html\">Saleka Shyamalan<\/a><br \/>\n\t\t\t<a href=\"https:\/\/www.youtube.com\/watch?v=ueNdPzFTJgk\" target=\"_blank\" role=\"button\" rel=\"noopener\"><br \/>\n\t\t\t\t\t\tVOIR LA BANDE ANNONCE<br \/>\n\t\t\t\t\t<\/a><br \/>\n\t\t\t<a href=\"#top\" role=\"button\"><br \/>\n\t\t\t\t\t\thaut de la page<br \/>\n\t\t\t\t\t<\/a><\/p>\n","protected":false},"excerpt":{"rendered":"<p>Petit R\u00e9cap&#8217; de la semaine mercredi 25 septembre Tatami \u00e0 20h45 (vostfr) samedi 28 septembre \u00c0 l&#8217;ancienne \u00e0 20h45 dimanche 29 septembre La Prisonni\u00e8re de Bordeaux \u00e0 20h45 mardi 01 octobre Trap \u00e0 20h45 (vostfr) Tatami (vo) Synopsis La judokate iranienne Leila et son entra\u00eeneuse Maryam se rendent aux Championnats du monde de judo avec<span class=\"read-more-wrap\"><a class=\"moretag\" href=\"https:\/\/lelalano.fr\/index.php\/semaine-du-mer-25-septembre-au-mar-01-octobre-2024\/\">Lire la suite<span class=\"screen-reader-text\">Semaine du Mer. 25 septembre au Mar. 01 octobre 2024<\/span><\/a><\/span><\/p>\n","protected":false},"author":1,"featured_media":0,"parent":0,"menu_order":0,"comment_status":"closed","ping_status":"closed","template":"","meta":{"footnotes":""},"_links":{"self":[{"href":"https:\/\/lelalano.fr\/index.php\/wp-json\/wp\/v2\/pages\/11911"}],"collection":[{"href":"https:\/\/lelalano.fr\/index.php\/wp-json\/wp\/v2\/pages"}],"about":[{"href":"https:\/\/lelalano.fr\/index.php\/wp-json\/wp\/v2\/types\/page"}],"author":[{"embeddable":true,"href":"https:\/\/lelalano.fr\/index.php\/wp-json\/wp\/v2\/users\/1"}],"replies":[{"embeddable":true,"href":"https:\/\/lelalano.fr\/index.php\/wp-json\/wp\/v2\/comments?post=11911"}],"version-history":[{"count":13,"href":"https:\/\/lelalano.fr\/index.php\/wp-json\/wp\/v2\/pages\/11911\/revisions"}],"predecessor-version":[{"id":11929,"href":"https:\/\/lelalano.fr\/index.php\/wp-json\/wp\/v2\/pages\/11911\/revisions\/11929"}],"wp:attachment":[{"href":"https:\/\/lelalano.fr\/index.php\/wp-json\/wp\/v2\/media?parent=11911"}],"curies":[{"name":"wp","href":"https:\/\/api.w.org\/{rel}","templated":true}]}}

<h4>Petit Récap&#8217; de la semaine</h4>
<p>												mercredi 25 septembre					</p>
<ul>
<li><a href="#tat">Tatami</a> à 20h45 (vostfr)</li>
</ul>
<p>												samedi 28 septembre					</p>
<ul>
<li><a href="#ala">À l&#8217;ancienne</a> à 20h45</li>
</ul>
<p>												dimanche 29 septembre					</p>
<ul>
<li><a href="#lap">La Prisonnière de Bordeaux</a> à 20h45</li>
</ul>
<p>												mardi 01 octobre					</p>
<ul>
<li><a href="#tra">Trap</a> à 20h45 (vostfr)</li>
</ul>
<h4>Tatami (vo)</h4>
<p>										<img width="730" height="973" src="http://lelalano.fr/wp-content/uploads/2024/09/Tatami-768x1024.jpg" alt="" decoding="async" loading="lazy" srcset="http://lelalano.fr/wp-content/uploads/2024/09/Tatami-768x1024.jpg 768w, http://lelalano.fr/wp-content/uploads/2024/09/Tatami-225x300.jpg 225w, http://lelalano.fr/wp-content/uploads/2024/09/Tatami.jpg 810w" sizes="(max-width: 730px) 100vw, 730px" />											</p>
<h2>Synopsis</h2>
<p>La judokate iranienne Leila et son entraîneuse Maryam se rendent aux Championnats du monde de judo avec l&#8217;intention de ramener sa première médaille d&#8217;or à l&#8217;Iran. Mais au cours de la compétition, elles reçoivent un ultimatum de la République islamique ordonnant à Leila de simuler une blessure et d’abandonner pour éviter une possible confrontation avec l’athlète israélienne. Sa liberté et celle de sa famille étant en jeu, Leila se retrouve face à un choix impossible : se plier au régime iranien, comme l&#8217;implore son entraîneuse, ou se battre pour réaliser son rêve.		</p>
<h4>SÉANCES</h4>
<ul>
<li >
										mercredi 25 septembre 20h45 (vostfr)
									</li>
</ul>
<h4>INFOS SUR LE FILM</h4>
<p>		<a href="https://www.allocine.fr/film/agenda/sem-2024-09-04/"> 4 septembre 2024 </a>  en salle  | 1h 43min | <a href="https://www.allocine.fr/films/genre-13008/">Drame</a>De <a href="https://www.allocine.fr/personne/fichepersonne_gen_cpersonne=728751.html">Zar Amir Ebrahimi</a>, <a href="https://www.allocine.fr/personne/fichepersonne_gen_cpersonne=258101.html">Guy Nattiv</a>Par <a href="https://www.allocine.fr/personne/fichepersonne_gen_cpersonne=258101.html">Guy Nattiv</a>, <a href="https://www.allocine.fr/personne/fichepersonne_gen_cpersonne=1001122.html">Elham Erfani</a>Avec <a href="https://www.allocine.fr/personne/fichepersonne_gen_cpersonne=749416.html">Arienne Mandi</a>, <a href="https://www.allocine.fr/personne/fichepersonne_gen_cpersonne=728751.html">Zar Amir Ebrahimi</a>, <a href="https://www.allocine.fr/personne/fichepersonne_gen_cpersonne=859040.html">Ash Goldeh</a><br />
			<a href="https://www.youtube.com/watch?v=lCZj9EVcslk" target="_blank" role="button" rel="noopener"><br />
						bande annonce<br />
					</a><br />
			<a href="#top" role="button"><br />
						haut de la page<br />
					</a></p>
<h4>À l’ancienne</h4>
<p>										<img width="730" height="973" src="http://lelalano.fr/wp-content/uploads/2024/09/A-lancienne-768x1024.jpg" alt="" decoding="async" loading="lazy" srcset="http://lelalano.fr/wp-content/uploads/2024/09/A-lancienne-768x1024.jpg 768w, http://lelalano.fr/wp-content/uploads/2024/09/A-lancienne-225x300.jpg 225w, http://lelalano.fr/wp-content/uploads/2024/09/A-lancienne.jpg 810w" sizes="(max-width: 730px) 100vw, 730px" />											</p>
<h2><strong>Synopsis</strong></h2>
<p>Tout public </p>
<p>Deux amis de toujours vivent sur une petite ile de Bretagne et découvrent que l&#8217;un des habitants a gagné le gros lot à la loterie nationale. Les deux vieilles canailles se mettent alors à la recherche du mystérieux gagnant afin de s&#8217;assurer ses faveurs avant que la nouvelle ne se répande. Mais lorsqu’ils découvrent que ce dernier est mort, ticket gagnant en main, ils décident d’organiser avec la complicité de tout le village une grande arnaque au loto pour prendre sa place.</p>
<h4>SÉANCES</h4>
<ul>
<li >
										samedi 28 septembre 20h45
									</li>
</ul>
<h4>INFOS SUR LE FILM</h4>
<p>		<a href="https://www.allocine.fr/film/agenda/sem-2024-09-04/"> 4 septembre 2024 </a>  en salle  | <a href="https://www.allocine.fr/films/genre-13005/">Comédie</a>De <a href="https://www.allocine.fr/personne/fichepersonne_gen_cpersonne=266625.html">Hervé Mimran</a>Par <a href="https://www.allocine.fr/personne/fichepersonne_gen_cpersonne=202317.html">Igor Gotesman</a>, <a href="https://www.allocine.fr/personne/fichepersonne_gen_cpersonne=220553.html">William Gotesman</a>Avec <a href="https://www.allocine.fr/personne/fichepersonne_gen_cpersonne=18855.html">Didier Bourdon</a>, <a href="https://www.allocine.fr/personne/fichepersonne_gen_cpersonne=2349.html">Gérard Darmon</a>, <a href="https://www.allocine.fr/personne/fichepersonne_gen_cpersonne=17765.html">Chantal Lauby</a><br />
			<a href="https://www.youtube.com/watch?v=N03G_Y0yOg0" target="_blank" role="button" rel="noopener"><br />
						VOIR LA BANDE ANNONCE<br />
					</a><br />
			<a href="#top" role="button"><br />
						haut de la page<br />
					</a></p>
<h4>La Prisonnière de Bordeaux</h4>
<p>										<img width="730" height="973" src="http://lelalano.fr/wp-content/uploads/2024/09/La-Prisonniere-de-Bordeaux-768x1024.jpg" alt="" decoding="async" loading="lazy" srcset="http://lelalano.fr/wp-content/uploads/2024/09/La-Prisonniere-de-Bordeaux-768x1024.jpg 768w, http://lelalano.fr/wp-content/uploads/2024/09/La-Prisonniere-de-Bordeaux-225x300.jpg 225w, http://lelalano.fr/wp-content/uploads/2024/09/La-Prisonniere-de-Bordeaux.jpg 810w" sizes="(max-width: 730px) 100vw, 730px" />											</p>
<h2>Synopsis</h2>
<p>Tout public </p>
<p>Alma, seule dans sa grande maison en ville, et Mina, jeune mère dans une lointaine banlieue, ont organisé leur vie autour de l’absence de leurs deux maris détenus au même endroit… A l’occasion d’un parloir, les deux femmes se rencontrent et s’engagent dans une amitié aussi improbable que tumultueuse…</p>
<h4>SÉANCES</h4>
<ul>
<li >
										dimanche 29 septembre 20h45
									</li>
</ul>
<h4>INFOS SUR LE FILM</h4>
<p>		<a href="https://www.allocine.fr/film/agenda/sem-2024-08-28/"> 28 août 2024 </a>  en salle  | 1h 48min | <a href="https://www.allocine.fr/films/genre-13008/">Drame</a>De <a href="https://www.allocine.fr/personne/fichepersonne_gen_cpersonne=11289.html">Patricia Mazuy</a>Par <a href="https://www.allocine.fr/personne/fichepersonne_gen_cpersonne=156094.html">François Bégaudeau</a>, <a href="https://www.allocine.fr/personne/fichepersonne_gen_cpersonne=23781.html">Pierre Courrège</a>Avec <a href="https://www.allocine.fr/personne/fichepersonne_gen_cpersonne=947.html">Isabelle Huppert</a>, <a href="https://www.allocine.fr/personne/fichepersonne_gen_cpersonne=135371.html">Hafsia Herzi</a>, <a href="https://www.allocine.fr/personne/fichepersonne_gen_cpersonne=642335.html">William Edimo</a><br />
			<a href="https://www.youtube.com/watch?v=hUB4D5sBIcs" target="_blank" role="button" rel="noopener"><br />
						Voir la bande annonce<br />
					</a><br />
			<a href="#top" role="button"><br />
						haut de la page<br />
					</a></p>
<h4>Trap (vo)</h4>
<p>										<img width="691" height="1024" src="http://lelalano.fr/wp-content/uploads/2024/09/Trap-691x1024.jpg" alt="" decoding="async" loading="lazy" srcset="http://lelalano.fr/wp-content/uploads/2024/09/Trap-691x1024.jpg 691w, http://lelalano.fr/wp-content/uploads/2024/09/Trap-203x300.jpg 203w, http://lelalano.fr/wp-content/uploads/2024/09/Trap.jpg 729w" sizes="(max-width: 691px) 100vw, 691px" />											</p>
<h2>Synopsis</h2>
<p>Tout public </p>
<p>30 000 spectateurs. 300 policiers. Un tueur.</p>
<p>Cooper, père de famille et tueur en série, se retrouve pris au piège par la police en plein cœur d’un concert.</p>
<p>S’échappera-t-il ?</p>
<h4>SÉANCES</h4>
<ul>
<li >
										mardi 01 octobre 20h45 (vostfr)
									</li>
</ul>
<h4>INFOS SUR LE FILM</h4>
<p>		<a href="https://www.allocine.fr/film/agenda/sem-2024-08-07/"> 7 août 2024 </a>  en salle  | 1h 45min | <a href="https://www.allocine.fr/films/genre-13023/">Thriller</a>De <a href="https://www.allocine.fr/personne/fichepersonne_gen_cpersonne=30601.html">M. Night Shyamalan</a>Par <a href="https://www.allocine.fr/personne/fichepersonne_gen_cpersonne=30601.html">M. Night Shyamalan</a>Avec <a href="https://www.allocine.fr/personne/fichepersonne_gen_cpersonne=8766.html">Josh Hartnett</a>, <a href="https://www.allocine.fr/personne/fichepersonne_gen_cpersonne=926076.html">Ariel Donoghue</a>, <a href="https://www.allocine.fr/personne/fichepersonne_gen_cpersonne=80803.html">Saleka Shyamalan</a><br />
			<a href="https://www.youtube.com/watch?v=ueNdPzFTJgk" target="_blank" role="button" rel="noopener"><br />
						VOIR LA BANDE ANNONCE<br />
					</a><br />
			<a href="#top" role="button"><br />
						haut de la page<br />
					</a></p>

<p>Petit Récap&#8217; de la semaine mercredi 25 septembre Tatami à 20h45 (vostfr) samedi 28 septembre À l&#8217;ancienne à 20h45 dimanche 29 septembre La Prisonnière de Bordeaux à 20h45 mardi 01 octobre Trap à 20h45 (vostfr) Tatami (vo) Synopsis La judokate iranienne Leila et son entraîneuse Maryam se rendent aux Championnats du monde de judo avec<span class="read-more-wrap"><a class="moretag" href="https://lelalano.fr/index.php/semaine-du-mer-25-septembre-au-mar-01-octobre-2024/">Lire la suite<span class="screen-reader-text">Semaine du Mer. 25 septembre au Mar. 01 octobre 2024</span></a></span></p>
