{"id":12853,"date":"2025-04-26T22:03:20","date_gmt":"2025-04-26T20:03:20","guid":{"rendered":"http:\/\/lelalano.fr\/?page_id=12853"},"modified":"2025-04-26T22:28:56","modified_gmt":"2025-04-26T20:28:56","slug":"semaine-du-mer-21-mai-au-mar-27-mai-2025","status":"publish","type":"page","link":"https:\/\/lelalano.fr\/index.php\/semaine-du-mer-21-mai-au-mar-27-mai-2025\/","title":{"rendered":"Semaine du Mer. 21 mai au Mar. 27 mai 2025"},"content":{"rendered":"<h4>Petit R\u00e9cap&#8217; de la semaine<\/h4>\n<p>\t\t\t\t\t\t\t\t\t\t\t\tsamedi 24 mai\t\t\t\t\t<\/p>\n<ul>\n<li><a href=\"#une\">Une pointe d&#8217;amour<\/a> \u00e0 20h45<\/li>\n<\/ul>\n<p>\t\t\t\t\t\t\t\t\t\t\t\tdimanche 25 mai\t\t\t\t\t<\/p>\n<ul>\n<li><a href=\"#tun\">Tu ne mentiras point<\/a> \u00e0 20H45 (vostfr)<\/li>\n<\/ul>\n<p>\t\t\t\t\t\t\t\t\t\t\t\tmardi 27 mai\t\t\t\t\t<\/p>\n<ul>\n<li><a href=\"#les\">Les R\u00e8gles de l&#8217;art<\/a>\u00a0\u00e0 20h45<\/li>\n<\/ul>\n<h4>Une pointe d&#8217;amour<\/h4>\n<p>\t\t\t\t\t\t\t\t\t\t<img width=\"730\" height=\"973\" src=\"http:\/\/lelalano.fr\/wp-content\/uploads\/2025\/04\/Une-pointe-d_amour-768x1024.jpg\" alt=\"\" decoding=\"async\" loading=\"lazy\" srcset=\"http:\/\/lelalano.fr\/wp-content\/uploads\/2025\/04\/Une-pointe-d_amour-768x1024.jpg 768w, http:\/\/lelalano.fr\/wp-content\/uploads\/2025\/04\/Une-pointe-d_amour-225x300.jpg 225w, http:\/\/lelalano.fr\/wp-content\/uploads\/2025\/04\/Une-pointe-d_amour.jpg 810w\" sizes=\"(max-width: 730px) 100vw, 730px\" \/>\t\t\t\t\t\t\t\t\t\t\t<\/p>\n<h2>Synopsis<\/h2>\n<p>Tout public\u00a0<\/p>\n<p>M\u00e9lanie, avocate, atteinte d\u2019une maladie incurable, a d\u00e9cid\u00e9 qu\u2019il \u00e9tait temps de profiter de la vie ! Elle embarque Benjamin, son ami de toujours, dans un p\u00e9riple vers l\u2019Espagne. Les voici \u00e0 bord d\u2019un van d\u00e9labr\u00e9, conduit par Lucas, un chauffeur bourru sorti de prison la veille. Contrairement \u00e0 M\u00e9lanie, Benjamin ne semble pas press\u00e9 d\u2019arriver et fait tout pour prolonger cet improbable voyage \u00e0 ses c\u00f4t\u00e9s\u2026<\/p>\n<h4>S\u00c9ANCES<\/h4>\n<ul>\n<li >\n\t\t\t\t\t\t\t\t\t\tsamedi 24 mai 20h45\n\t\t\t\t\t\t\t\t\t<\/li>\n<\/ul>\n<h4>INFOS SUR LE FILM<\/h4>\n<p>\t\t<a href=\"https:\/\/www.allocine.fr\/film\/agenda\/sem-2025-04-30\/\"> 30 avril 2025 <\/a>  en salle  | 1h 24min | <a href=\"https:\/\/www.allocine.fr\/films\/genre-13005\/\">Com\u00e9die<\/a>De <a href=\"https:\/\/www.allocine.fr\/personne\/fichepersonne_gen_cpersonne=690336.html\">Ma\u00ebl Piriou<\/a>Par <a href=\"https:\/\/www.allocine.fr\/personne\/fichepersonne_gen_cpersonne=690336.html\">Ma\u00ebl Piriou<\/a>Avec <a href=\"https:\/\/www.allocine.fr\/personne\/fichepersonne_gen_cpersonne=169853.html\">Julia Piaton<\/a>, <a href=\"https:\/\/www.allocine.fr\/personne\/fichepersonne_gen_cpersonne=167254.html\">Gr\u00e9gory Gadebois<\/a>, <a href=\"https:\/\/www.allocine.fr\/personne\/fichepersonne_gen_cpersonne=721707.html\">Quentin Dolmaire<\/a>\u00a0<br \/>\n\t\t\t<a href=\"https:\/\/www.youtube.com\/watch?v=IAsrq6mFzeU\" target=\"_blank\" role=\"button\" rel=\"noopener\"><br \/>\n\t\t\t\t\t\tbande annonce<br \/>\n\t\t\t\t\t<\/a><br \/>\n\t\t\t<a href=\"#top\" role=\"button\"><br \/>\n\t\t\t\t\t\thaut de la page<br \/>\n\t\t\t\t\t<\/a><\/p>\n<h4>Tu ne mentiras point (vo)<\/h4>\n<p>\t\t\t\t\t\t\t\t\t\t<img width=\"730\" height=\"973\" src=\"http:\/\/lelalano.fr\/wp-content\/uploads\/2025\/04\/Tu-ne-mentiras-point-768x1024.jpg\" alt=\"\" decoding=\"async\" loading=\"lazy\" srcset=\"http:\/\/lelalano.fr\/wp-content\/uploads\/2025\/04\/Tu-ne-mentiras-point-768x1024.jpg 768w, http:\/\/lelalano.fr\/wp-content\/uploads\/2025\/04\/Tu-ne-mentiras-point-225x300.jpg 225w, http:\/\/lelalano.fr\/wp-content\/uploads\/2025\/04\/Tu-ne-mentiras-point.jpg 810w\" sizes=\"(max-width: 730px) 100vw, 730px\" \/>\t\t\t\t\t\t\t\t\t\t\t<\/p>\n<h2>Synopsis<\/h2>\n<p>Irlande, 1985. Modeste entrepreneur dans la vente de charbon, Bill Furlong tache de maintenir \u00e0 flot son entreprise, et de subvenir aux besoins de sa famille. Un jour, lors d&#8217;une livraison au couvent de la ville, il fait une d\u00e9couverte qui le bouleverse. Ce secret longtemps dissimul\u00e9 va le confronter \u00e0 son pass\u00e9 et au silence complice d&#8217;une communaut\u00e9 vivant dans la peur.<\/p>\n<p>\u00a0<\/p>\n<h4>S\u00c9ANCES<\/h4>\n<ul>\n<li >\n\t\t\t\t\t\t\t\t\t\tdimanche 25 mai 20h45 (vostfr)\n\t\t\t\t\t\t\t\t\t<\/li>\n<\/ul>\n<h4>INFOS SUR LE FILM<\/h4>\n<p>\t\t<a href=\"https:\/\/www.allocine.fr\/film\/agenda\/sem-2025-04-30\/\"> 30 avril 2025 <\/a>  en salle  | 1h 38min | <a href=\"https:\/\/www.allocine.fr\/films\/genre-13008\/\">Drame<\/a>De <a href=\"https:\/\/www.allocine.fr\/personne\/fichepersonne_gen_cpersonne=647614.html\">Tim Mielants<\/a>Par <a href=\"https:\/\/www.allocine.fr\/personne\/fichepersonne_gen_cpersonne=69083.html\">Enda Walsh<\/a>Avec <a href=\"https:\/\/www.allocine.fr\/personne\/fichepersonne_gen_cpersonne=69081.html\">Cillian Murphy<\/a>, <a href=\"https:\/\/www.allocine.fr\/personne\/fichepersonne_gen_cpersonne=893669.html\">Clare Dunne<\/a>, <a href=\"https:\/\/www.allocine.fr\/personne\/fichepersonne_gen_cpersonne=24887.html\">Emily Watson<\/a>Titre original  Small Things Like These<br \/>\n\t\t\t<a href=\"https:\/\/www.youtube.com\/watch?v=AuYsJqRyeoQ\" target=\"_blank\" role=\"button\" rel=\"noopener\"><br \/>\n\t\t\t\t\t\tVOIR LA BANDE ANNONCE<br \/>\n\t\t\t\t\t<\/a><br \/>\n\t\t\t<a href=\"#top\" role=\"button\"><br \/>\n\t\t\t\t\t\thaut de la page<br \/>\n\t\t\t\t\t<\/a><\/p>\n<h4>Les R\u00e8gles de l&#8217;art<\/h4>\n<p>\t\t\t\t\t\t\t\t\t\t<img width=\"730\" height=\"973\" src=\"http:\/\/lelalano.fr\/wp-content\/uploads\/2025\/04\/Les-Regles-de-lart-768x1024.jpg\" alt=\"\" decoding=\"async\" loading=\"lazy\" srcset=\"http:\/\/lelalano.fr\/wp-content\/uploads\/2025\/04\/Les-Regles-de-lart-768x1024.jpg 768w, http:\/\/lelalano.fr\/wp-content\/uploads\/2025\/04\/Les-Regles-de-lart-225x300.jpg 225w, http:\/\/lelalano.fr\/wp-content\/uploads\/2025\/04\/Les-Regles-de-lart.jpg 810w\" sizes=\"(max-width: 730px) 100vw, 730px\" \/>\t\t\t\t\t\t\t\t\t\t\t<\/p>\n<h2>Synopsis<\/h2>\n<p>Tout public\u00a0<\/p>\n<p>Yonathan, expert en montres de luxe au quotidien monotone, voit sa vie basculer lorsqu\u2019il s\u2019associe \u00e0 \u00c9ric, receleur et escroc. Fascin\u00e9 par le train de vie d&#8217;\u00c9ric, Yonathan perd toute mesure. Tout s\u2019acc\u00e9l\u00e8re quand, pour r\u00e9pondre \u00e0 une commande d&#8217;\u00c9ric, Jo, cambrioleur de g\u00e9nie, vole cinq chefs-d\u2019\u0153uvre au Mus\u00e9e d\u2019Art Moderne de Paris en 2010. D\u00e8s lors, les trois hommes sont entrain\u00e9s dans une spirale incontr\u00f4lable.<\/p>\n<p>Librement inspir\u00e9 d\u2019une histoire vraie, Les r\u00e8gles de l\u2019art rappelle que le casse du si\u00e8cle ne peut pas \u00eatre une affaire d&#8217;amateurs&#8230;<\/p>\n<p>\u00a0<\/p>\n<h4>S\u00c9ANCES<\/h4>\n<ul>\n<li >\n\t\t\t\t\t\t\t\t\t\tmardi 27 mai 20h45\n\t\t\t\t\t\t\t\t\t<\/li>\n<\/ul>\n<h4>INFOS SUR LE FILM<\/h4>\n<p>\t\t<a href=\"https:\/\/www.allocine.fr\/film\/agenda\/sem-2025-04-30\/\"> 30 avril 2025 <\/a>  en salle  | 1h 34min | <a href=\"https:\/\/www.allocine.fr\/films\/genre-13005\/\">Com\u00e9die<\/a>, <a href=\"https:\/\/www.allocine.fr\/films\/genre-13018\/\">Policier<\/a>De <a href=\"https:\/\/www.allocine.fr\/personne\/fichepersonne_gen_cpersonne=262999.html\">Dominique Baumard<\/a>Par <a href=\"https:\/\/www.allocine.fr\/personne\/fichepersonne_gen_cpersonne=262999.html\">Dominique Baumard<\/a>, <a href=\"https:\/\/www.allocine.fr\/personne\/fichepersonne_gen_cpersonne=603723.html\">Benjamin Charbit<\/a>Avec <a href=\"https:\/\/www.allocine.fr\/personne\/fichepersonne_gen_cpersonne=2213.html\">Melvil Poupaud<\/a>, <a href=\"https:\/\/www.allocine.fr\/personne\/fichepersonne_gen_cpersonne=734302.html\">Sofiane Zermani<\/a>, <a href=\"https:\/\/www.allocine.fr\/personne\/fichepersonne_gen_cpersonne=169853.html\">Julia Piaton<\/a><br \/>\n\t\t\t<a href=\"https:\/\/www.youtube.com\/watch?v=yB4MorNuMeQ\" target=\"_blank\" role=\"button\" rel=\"noopener\"><br \/>\n\t\t\t\t\t\tVOIR LA BANDE ANNONCE<br \/>\n\t\t\t\t\t<\/a><br \/>\n\t\t\t<a href=\"#top\" role=\"button\"><br \/>\n\t\t\t\t\t\thaut de la page<br \/>\n\t\t\t\t\t<\/a><\/p>\n","protected":false},"excerpt":{"rendered":"<p>Petit R\u00e9cap&#8217; de la semaine samedi 24 mai Une pointe d&#8217;amour \u00e0 20h45 dimanche 25 mai Tu ne mentiras point \u00e0 20H45 (vostfr) mardi 27 mai Les R\u00e8gles de l&#8217;art\u00a0\u00e0 20h45 Une pointe d&#8217;amour Synopsis Tout public\u00a0 M\u00e9lanie, avocate, atteinte d\u2019une maladie incurable, a d\u00e9cid\u00e9 qu\u2019il \u00e9tait temps de profiter de la vie ! Elle<span class=\"read-more-wrap\"><a class=\"moretag\" href=\"https:\/\/lelalano.fr\/index.php\/semaine-du-mer-21-mai-au-mar-27-mai-2025\/\">Lire la suite<span class=\"screen-reader-text\">Semaine du Mer. 21 mai au Mar. 27 mai 2025<\/span><\/a><\/span><\/p>\n","protected":false},"author":1,"featured_media":0,"parent":0,"menu_order":0,"comment_status":"closed","ping_status":"closed","template":"","meta":{"footnotes":""},"_links":{"self":[{"href":"https:\/\/lelalano.fr\/index.php\/wp-json\/wp\/v2\/pages\/12853"}],"collection":[{"href":"https:\/\/lelalano.fr\/index.php\/wp-json\/wp\/v2\/pages"}],"about":[{"href":"https:\/\/lelalano.fr\/index.php\/wp-json\/wp\/v2\/types\/page"}],"author":[{"embeddable":true,"href":"https:\/\/lelalano.fr\/index.php\/wp-json\/wp\/v2\/users\/1"}],"replies":[{"embeddable":true,"href":"https:\/\/lelalano.fr\/index.php\/wp-json\/wp\/v2\/comments?post=12853"}],"version-history":[{"count":17,"href":"https:\/\/lelalano.fr\/index.php\/wp-json\/wp\/v2\/pages\/12853\/revisions"}],"predecessor-version":[{"id":12875,"href":"https:\/\/lelalano.fr\/index.php\/wp-json\/wp\/v2\/pages\/12853\/revisions\/12875"}],"wp:attachment":[{"href":"https:\/\/lelalano.fr\/index.php\/wp-json\/wp\/v2\/media?parent=12853"}],"curies":[{"name":"wp","href":"https:\/\/api.w.org\/{rel}","templated":true}]}}