{"id":12935,"date":"2025-05-21T17:31:17","date_gmt":"2025-05-21T15:31:17","guid":{"rendered":"http:\/\/lelalano.fr\/?page_id=12935"},"modified":"2025-05-21T17:47:21","modified_gmt":"2025-05-21T15:47:21","slug":"semaine-du-mer-11-juin-au-mar-17-juin-2025","status":"publish","type":"page","link":"https:\/\/lelalano.fr\/index.php\/semaine-du-mer-11-juin-au-mar-17-juin-2025\/","title":{"rendered":"Semaine du Mer. 11 juin au Mar. 17 juin 2025"},"content":{"rendered":"<h4>Petit R\u00e9cap&#8217; de la semaine<\/h4>\n<p>\t\t\t\t\t\t\t\t\t\t\t\tmercredi 11 juin\t\t\t\t\t<\/p>\n<ul>\n<li><a href=\"#lil\">Lilo &amp; Stitch<\/a> <a href=\"#ozi\">\u00a0<\/a>\u00e0 16h<\/li>\n<li><a href=\"#lac\">La Chambre de Mariana<\/a> \u00e0 20h45 (vostfr)<\/li>\n<\/ul>\n<p>\t\t\t\t\t\t\t\t\t\t\t\tsamedi 14 juin\t\t\t\t\t<\/p>\n<ul>\n<li><a href=\"#mis\">Mission : Impossible \u2013 The Final Reckoning<\/a> \u00e0 20h45<\/li>\n<\/ul>\n<p>\t\t\t\t\t\t\t\t\t\t\t\tdimanche 15 juin\t\t\t\t\t<\/p>\n<ul>\n<li><a href=\"#lav\">La Venue de l\u2019avenir<\/a>\u00a0\u00e0 20h45<\/li>\n<\/ul>\n<p>\t\t\t\t\t\t\t\t\t\t\t\tmardi 17 juin\t\t\t\t\t<\/p>\n<ul>\n<li><a href=\"#oll\">Ollie<\/a> \u00e0 20h45<\/li>\n<\/ul>\n<h4>Lilo &#038; Stitch<\/h4>\n<p>\t\t\t\t\t\t\t\t\t\t<img width=\"691\" height=\"1024\" src=\"http:\/\/lelalano.fr\/wp-content\/uploads\/2025\/05\/Lilo-Stitch-691x1024.jpg\" alt=\"\" decoding=\"async\" loading=\"lazy\" srcset=\"http:\/\/lelalano.fr\/wp-content\/uploads\/2025\/05\/Lilo-Stitch-691x1024.jpg 691w, http:\/\/lelalano.fr\/wp-content\/uploads\/2025\/05\/Lilo-Stitch-203x300.jpg 203w, http:\/\/lelalano.fr\/wp-content\/uploads\/2025\/05\/Lilo-Stitch.jpg 729w\" sizes=\"(max-width: 691px) 100vw, 691px\" \/>\t\t\t\t\t\t\t\t\t\t\t<\/p>\n<h2>Synopsis<\/h2>\n<p>Tout public\u00a0<\/p>\n<p>L\u2019histoire touchante et dr\u00f4le d\u2019une petite fille hawa\u00efenne solitaire et d\u2019un extra-terrestre fugitif qui l\u2019aide \u00e0 renouer le lien avec sa famille.<\/p>\n<h4>S\u00c9ANCES<\/h4>\n<ul>\n<li >\n\t\t\t\t\t\t\t\t\t\tmercredi 11 juin 16h\n\t\t\t\t\t\t\t\t\t<\/li>\n<\/ul>\n<h4>INFOS SUR LE FILM<\/h4>\n<p>\t\t<a href=\"https:\/\/www.allocine.fr\/film\/agenda\/sem-2025-05-21\/\"> 21 mai 2025 <\/a>  en salle  | 1h 48min | <a href=\"https:\/\/www.allocine.fr\/films\/genre-13001\/\">Aventure<\/a>, <a href=\"https:\/\/www.allocine.fr\/films\/genre-13005\/\">Com\u00e9die<\/a>, <a href=\"https:\/\/www.allocine.fr\/films\/genre-13036\/\">Famille<\/a>, <a href=\"https:\/\/www.allocine.fr\/films\/genre-13021\/\">Science Fiction<\/a>De <a href=\"https:\/\/www.allocine.fr\/personne\/fichepersonne_gen_cpersonne=794114.html\">Dean Fleischer Camp<\/a>Par <a href=\"https:\/\/www.allocine.fr\/personne\/fichepersonne_gen_cpersonne=925164.html\">Chris K.T. Bright<\/a>, <a href=\"https:\/\/www.allocine.fr\/personne\/fichepersonne_gen_cpersonne=803464.html\">Mike Van Waes<\/a>Avec <a href=\"https:\/\/www.allocine.fr\/personne\/fichepersonne_gen_cpersonne=50532.html\">Emmanuel Garijo<\/a>, <a href=\"https:\/\/www.allocine.fr\/personne\/fichepersonne_gen_cpersonne=68090.html\">Chris Sanders<\/a>, <a href=\"https:\/\/www.allocine.fr\/personne\/fichepersonne_gen_cpersonne=991035.html\">Maia Kealoha<\/a><br \/>\n\t\t\t<a href=\"https:\/\/www.youtube.com\/watch?v=fBYp1DtdHuE\" target=\"_blank\" role=\"button\" rel=\"noopener\"><br \/>\n\t\t\t\t\t\tbande annonce<br \/>\n\t\t\t\t\t<\/a><br \/>\n\t\t\t<a href=\"#top\" role=\"button\"><br \/>\n\t\t\t\t\t\thaut de la page<br \/>\n\t\t\t\t\t<\/a><\/p>\n<h4>La Chambre de Mariana (vo)<br \/>\n<\/h4>\n<p>\t\t\t\t\t\t\t\t\t\t<img width=\"730\" height=\"973\" src=\"http:\/\/lelalano.fr\/wp-content\/uploads\/2025\/05\/La-Chambre-de-Mariana-768x1024.jpg\" alt=\"\" decoding=\"async\" loading=\"lazy\" srcset=\"http:\/\/lelalano.fr\/wp-content\/uploads\/2025\/05\/La-Chambre-de-Mariana-768x1024.jpg 768w, http:\/\/lelalano.fr\/wp-content\/uploads\/2025\/05\/La-Chambre-de-Mariana-225x300.jpg 225w, http:\/\/lelalano.fr\/wp-content\/uploads\/2025\/05\/La-Chambre-de-Mariana.jpg 810w\" sizes=\"(max-width: 730px) 100vw, 730px\" \/>\t\t\t\t\t\t\t\t\t\t\t<\/p>\n<h2>Synopsis<\/h2>\n<p>Tout public avec avertissement\u00a0<\/p>\n<p>1943, Ukraine, Hugo a 12 ans. Pour le sauver de la d\u00e9portation, sa m\u00e8re le confie \u00e0 son amie d\u2019enfance Mariana, une prostitu\u00e9e qui vit dans une maison close \u00e0 la sortie de la ville. Cach\u00e9 dans le placard de la chambre de Mariana, toute son existence est suspendue aux bruits qui l\u2019entourent et aux sc\u00e8nes qu\u2019il devine \u00e0 travers la cloison\u2026<\/p>\n<p>\u00a0<\/p>\n<h4>S\u00c9ANCES<\/h4>\n<ul>\n<li >\n\t\t\t\t\t\t\t\t\t\tmercredi 11 juin 20h45 (vostfr)\n\t\t\t\t\t\t\t\t\t<\/li>\n<\/ul>\n<h4>INFOS SUR LE FILM<\/h4>\n<p>\t\t<a href=\"https:\/\/www.allocine.fr\/film\/agenda\/sem-2025-04-23\/\"> 23 avril 2025 <\/a>  en salle  | 2h 11min | <a href=\"https:\/\/www.allocine.fr\/films\/genre-13008\/\">Drame<\/a>, <a href=\"https:\/\/www.allocine.fr\/films\/genre-13015\/\">Historique<\/a>De <a href=\"https:\/\/www.allocine.fr\/personne\/fichepersonne_gen_cpersonne=14566.html\">Emmanuel Finkiel<\/a>Par <a href=\"https:\/\/www.allocine.fr\/personne\/fichepersonne_gen_cpersonne=14566.html\">Emmanuel Finkiel<\/a>Avec <a href=\"https:\/\/www.allocine.fr\/personne\/fichepersonne_gen_cpersonne=21714.html\">M\u00e9lanie Thierry<\/a>, <a href=\"https:\/\/www.allocine.fr\/personne\/fichepersonne_gen_cpersonne=1000035309.html\">Artem Kyryk<\/a>, <a href=\"https:\/\/www.allocine.fr\/personne\/fichepersonne_gen_cpersonne=666809.html\">Julia Goldberg<\/a><br \/>\n\t\t\t<a href=\"https:\/\/www.youtube.com\/watch?v=TY8kXtL6J-w\" target=\"_blank\" role=\"button\" rel=\"noopener\"><br \/>\n\t\t\t\t\t\tVOIR LA BANDE ANNONCE<br \/>\n\t\t\t\t\t<\/a><br \/>\n\t\t\t<a href=\"#top\" role=\"button\"><br \/>\n\t\t\t\t\t\thaut de la page<br \/>\n\t\t\t\t\t<\/a><\/p>\n<h4>Mission : Impossible \u2013 The Final Reckoning<\/h4>\n<p>\t\t\t\t\t\t\t\t\t\t<img width=\"730\" height=\"913\" src=\"http:\/\/lelalano.fr\/wp-content\/uploads\/2025\/05\/Mission-Impossible-\u2013-The-Final-Reckoning-819x1024.jpg\" alt=\"\" decoding=\"async\" loading=\"lazy\" srcset=\"http:\/\/lelalano.fr\/wp-content\/uploads\/2025\/05\/Mission-Impossible-\u2013-The-Final-Reckoning-819x1024.jpg 819w, http:\/\/lelalano.fr\/wp-content\/uploads\/2025\/05\/Mission-Impossible-\u2013-The-Final-Reckoning-240x300.jpg 240w, http:\/\/lelalano.fr\/wp-content\/uploads\/2025\/05\/Mission-Impossible-\u2013-The-Final-Reckoning-768x960.jpg 768w, http:\/\/lelalano.fr\/wp-content\/uploads\/2025\/05\/Mission-Impossible-\u2013-The-Final-Reckoning.jpg 864w\" sizes=\"(max-width: 730px) 100vw, 730px\" \/>\t\t\t\t\t\t\t\t\t\t\t<\/p>\n<h2>Synopsis<\/h2>\n<p>Tout public\u00a0<\/p>\n<p><b>Ce film est pr\u00e9sent\u00e9 en hors-comp\u00e9tition au Festival de Cannes 2025.<\/b><\/p>\n<p>Nos vies sont la somme de nos choix. Tom Cruise est Ethan Hunt dans Mission: Impossible \u2013 The Final Reckoning.<\/p>\n<p>\u00a0<\/p>\n<h4>S\u00c9ANCES<\/h4>\n<ul>\n<li >\n\t\t\t\t\t\t\t\t\t\tsamedi 14 juin 20h45\n\t\t\t\t\t\t\t\t\t<\/li>\n<\/ul>\n<h4>INFOS SUR LE FILM<\/h4>\n<p>\t\t<a href=\"https:\/\/www.allocine.fr\/film\/agenda\/sem-2025-05-21\/\"> 21 mai 2025 <\/a>  en salle  | 2h 49min | <a href=\"https:\/\/www.allocine.fr\/films\/genre-13025\/\">Action<\/a>, <a href=\"https:\/\/www.allocine.fr\/films\/genre-13022\/\">Espionnage<\/a>, <a href=\"https:\/\/www.allocine.fr\/films\/genre-13023\/\">Thriller<\/a>De <a href=\"https:\/\/www.allocine.fr\/personne\/fichepersonne_gen_cpersonne=38799.html\">Christopher McQuarrie<\/a>Par <a href=\"https:\/\/www.allocine.fr\/personne\/fichepersonne_gen_cpersonne=38799.html\">Christopher McQuarrie<\/a>, <a href=\"https:\/\/www.allocine.fr\/personne\/fichepersonne_gen_cpersonne=92713.html\">Erik Jendresen<\/a>Avec <a href=\"https:\/\/www.allocine.fr\/personne\/fichepersonne_gen_cpersonne=1722.html\">Tom Cruise<\/a>, <a href=\"https:\/\/www.allocine.fr\/personne\/fichepersonne_gen_cpersonne=158004.html\">Hayley Atwell<\/a>, <a href=\"https:\/\/www.allocine.fr\/personne\/fichepersonne_gen_cpersonne=43981.html\">Simon Pegg<\/a>Titre original  Mission: Impossible \u2013 The Final Reckoning<br \/>\n\t\t\t<a href=\"https:\/\/www.youtube.com\/watch?v=k3m3pYa_APg\" target=\"_blank\" role=\"button\" rel=\"noopener\"><br \/>\n\t\t\t\t\t\tVoir la bande annonce<br \/>\n\t\t\t\t\t<\/a><br \/>\n\t\t\t<a href=\"#top\" role=\"button\"><br \/>\n\t\t\t\t\t\thaut de la page<br \/>\n\t\t\t\t\t<\/a><\/p>\n<h4>La Venue de l\u2019avenir<\/h4>\n<p>\t\t\t\t\t\t\t\t\t\t<img width=\"730\" height=\"991\" src=\"http:\/\/lelalano.fr\/wp-content\/uploads\/2025\/05\/La-Venue-de-lavenir-754x1024.jpg\" alt=\"\" decoding=\"async\" loading=\"lazy\" srcset=\"http:\/\/lelalano.fr\/wp-content\/uploads\/2025\/05\/La-Venue-de-lavenir-754x1024.jpg 754w, http:\/\/lelalano.fr\/wp-content\/uploads\/2025\/05\/La-Venue-de-lavenir-221x300.jpg 221w, http:\/\/lelalano.fr\/wp-content\/uploads\/2025\/05\/La-Venue-de-lavenir-768x1043.jpg 768w, http:\/\/lelalano.fr\/wp-content\/uploads\/2025\/05\/La-Venue-de-lavenir.jpg 795w\" sizes=\"(max-width: 730px) 100vw, 730px\" \/>\t\t\t\t\t\t\t\t\t\t\t<\/p>\n<h2>Synopsis<\/h2>\n<p>\u00a0Tout public\u00a0<\/p>\n<p><b>Ce film est pr\u00e9sent\u00e9 en hors-comp\u00e9tition au Festival de Cannes 2025<\/b><\/p>\n<p>Aujourd\u2019hui, en 2025, une trentaine de personnes issues d\u2019une m\u00eame famille apprennent qu\u2019ils vont recevoir en h\u00e9ritage une maison abandonn\u00e9e depuis des ann\u00e9es. Quatre d&#8217;entre eux, Seb, Abdel, C\u00e9line et Guy sont charg\u00e9s d\u2019en faire l&#8217;\u00e9tat des lieux. Ces lointains &#8220;cousins&#8221; vont alors d\u00e9couvrir des tr\u00e9sors cach\u00e9s dans cette vieille maison. Ils vont se retrouver sur les traces d&#8217;une myst\u00e9rieuse Ad\u00e8le qui a quitt\u00e9 sa Normandie natale, \u00e0 20 ans. Cette Ad\u00e8le se retrouve \u00e0 Paris en 1895, au moment o\u00f9 cette ville est en pleine r\u00e9volution industrielle et culturelle. Pour les quatre cousins, ce voyage introspectif dans leur g\u00e9n\u00e9alogie va leur faire d\u00e9couvrir ce moment si particulier de la fin du XIXe si\u00e8cle o\u00f9 la photographie s&#8217;inventait et l\u2019impressionnisme naissait. Ce face \u00e0 face entre les deux \u00e9poques 2025 et 1895 remettra en question leur pr\u00e9sent et leurs id\u00e9aux et racontera le sens de : La venue de l\u2019avenir.<\/p>\n<h4>S\u00c9ANCES<\/h4>\n<ul>\n<li >\n\t\t\t\t\t\t\t\t\t\tdimanche 15 juin 20h45\n\t\t\t\t\t\t\t\t\t<\/li>\n<\/ul>\n<h4>INFOS SUR LE FILM<\/h4>\n<p>\t\t<a href=\"https:\/\/www.allocine.fr\/film\/agenda\/sem-2025-05-21\/\"> 22 mai 2025 <\/a>  en salle  | 2h 06min | <a href=\"https:\/\/www.allocine.fr\/films\/genre-13002\/\">Com\u00e9die dramatique<\/a>De <a href=\"https:\/\/www.allocine.fr\/personne\/fichepersonne_gen_cpersonne=11124.html\">C\u00e9dric Klapisch<\/a>Par <a href=\"https:\/\/www.allocine.fr\/personne\/fichepersonne_gen_cpersonne=11124.html\">C\u00e9dric Klapisch<\/a>, <a href=\"https:\/\/www.allocine.fr\/personne\/fichepersonne_gen_cpersonne=42934.html\">Santiago Amigorena<\/a>Avec <a href=\"https:\/\/www.allocine.fr\/personne\/fichepersonne_gen_cpersonne=906725.html\">Suzanne Lindon<\/a>, <a href=\"https:\/\/www.allocine.fr\/personne\/fichepersonne_gen_cpersonne=568813.html\">Abraham Wapler<\/a>, <a href=\"https:\/\/www.allocine.fr\/personne\/fichepersonne_gen_cpersonne=180052.html\">Vincent Macaigne<\/a><br \/>\n\t\t\t<a href=\"https:\/\/www.youtube.com\/watch?v=CTHXknI3Hnc\" target=\"_blank\" role=\"button\" rel=\"noopener\"><br \/>\n\t\t\t\t\t\tVOIR LA BANDE ANNONCE<br \/>\n\t\t\t\t\t<\/a><br \/>\n\t\t\t<a href=\"#top\" role=\"button\"><br \/>\n\t\t\t\t\t\thaut de la page<br \/>\n\t\t\t\t\t<\/a><\/p>\n<h4>Ollie<\/h4>\n<p>\t\t\t\t\t\t\t\t\t\t<img width=\"730\" height=\"973\" src=\"http:\/\/lelalano.fr\/wp-content\/uploads\/2025\/05\/Ollie-768x1024.jpg\" alt=\"\" decoding=\"async\" loading=\"lazy\" srcset=\"http:\/\/lelalano.fr\/wp-content\/uploads\/2025\/05\/Ollie-768x1024.jpg 768w, http:\/\/lelalano.fr\/wp-content\/uploads\/2025\/05\/Ollie-225x300.jpg 225w, http:\/\/lelalano.fr\/wp-content\/uploads\/2025\/05\/Ollie.jpg 810w\" sizes=\"(max-width: 730px) 100vw, 730px\" \/>\t\t\t\t\t\t\t\t\t\t\t<\/p>\n<h2>Synopsis<\/h2>\n<p>Tout public\u00a0<\/p>\n<p>\u00c0 13 ans, Pierre revient vivre \u00e0 la ferme de son p\u00e8re apr\u00e8s le d\u00e9c\u00e8s brutal de sa m\u00e8re. Harcel\u00e9 \u00e0 l&#8217;\u00e9cole, il se r\u00e9fugie dans sa passion : le skate. Il rencontre Bertrand, un marginal qui cache un pass\u00e9 d&#8217;ancien skateur, et qui le prend sous son aile. Ensemble, ils vont tenter de se reconstruire.<\/p>\n<p>\u00a0<\/p>\n<h4>S\u00c9ANCES<\/h4>\n<ul>\n<li >\n\t\t\t\t\t\t\t\t\t\tmardi 17 juin 20h45\n\t\t\t\t\t\t\t\t\t<\/li>\n<\/ul>\n<h4>INFOS SUR LE FILM<\/h4>\n<p>\t\t<a href=\"https:\/\/www.allocine.fr\/film\/agenda\/sem-2025-05-21\/\"> 21 mai 2025 <\/a>  en salle  | 1h 42min | <a href=\"https:\/\/www.allocine.fr\/films\/genre-13002\/\">Com\u00e9die dramatique<\/a>De <a href=\"https:\/\/www.allocine.fr\/personne\/fichepersonne_gen_cpersonne=839897.html\">Antoine Besse<\/a>Par <a href=\"https:\/\/www.allocine.fr\/personne\/fichepersonne_gen_cpersonne=839897.html\">Antoine Besse<\/a>Avec <a href=\"https:\/\/www.allocine.fr\/personne\/fichepersonne_gen_cpersonne=970742.html\">Kristen Billon<\/a>, <a href=\"https:\/\/www.allocine.fr\/personne\/fichepersonne_gen_cpersonne=831816.html\">Th\u00e9o Christine<\/a>, <a href=\"https:\/\/www.allocine.fr\/personne\/fichepersonne_gen_cpersonne=20277.html\">Emmanuelle Bercot<\/a><br \/>\n\t\t\t<a href=\"https:\/\/www.youtube.com\/watch?v=yp2ka8pl_dE\" target=\"_blank\" role=\"button\" rel=\"noopener\"><br \/>\n\t\t\t\t\t\tVoir la bande annonce<br \/>\n\t\t\t\t\t<\/a><br \/>\n\t\t\t<a href=\"#top\" role=\"button\"><br \/>\n\t\t\t\t\t\thaut de la page<br \/>\n\t\t\t\t\t<\/a><\/p>\n","protected":false},"excerpt":{"rendered":"<p>Petit R\u00e9cap&#8217; de la semaine mercredi 11 juin Lilo &amp; Stitch \u00a0\u00e0 16h La Chambre de Mariana \u00e0 20h45 (vostfr) samedi 14 juin Mission : Impossible \u2013 The Final Reckoning \u00e0 20h45 dimanche 15 juin La Venue de l\u2019avenir\u00a0\u00e0 20h45 mardi 17 juin Ollie \u00e0 20h45 Lilo &#038; Stitch Synopsis Tout public\u00a0 L\u2019histoire touchante et<span class=\"read-more-wrap\"><a class=\"moretag\" href=\"https:\/\/lelalano.fr\/index.php\/semaine-du-mer-11-juin-au-mar-17-juin-2025\/\">Lire la suite<span class=\"screen-reader-text\">Semaine du Mer. 11 juin au Mar. 17 juin 2025<\/span><\/a><\/span><\/p>\n","protected":false},"author":1,"featured_media":0,"parent":0,"menu_order":0,"comment_status":"closed","ping_status":"closed","template":"","meta":{"footnotes":""},"_links":{"self":[{"href":"https:\/\/lelalano.fr\/index.php\/wp-json\/wp\/v2\/pages\/12935"}],"collection":[{"href":"https:\/\/lelalano.fr\/index.php\/wp-json\/wp\/v2\/pages"}],"about":[{"href":"https:\/\/lelalano.fr\/index.php\/wp-json\/wp\/v2\/types\/page"}],"author":[{"embeddable":true,"href":"https:\/\/lelalano.fr\/index.php\/wp-json\/wp\/v2\/users\/1"}],"replies":[{"embeddable":true,"href":"https:\/\/lelalano.fr\/index.php\/wp-json\/wp\/v2\/comments?post=12935"}],"version-history":[{"count":18,"href":"https:\/\/lelalano.fr\/index.php\/wp-json\/wp\/v2\/pages\/12935\/revisions"}],"predecessor-version":[{"id":12958,"href":"https:\/\/lelalano.fr\/index.php\/wp-json\/wp\/v2\/pages\/12935\/revisions\/12958"}],"wp:attachment":[{"href":"https:\/\/lelalano.fr\/index.php\/wp-json\/wp\/v2\/media?parent=12935"}],"curies":[{"name":"wp","href":"https:\/\/api.w.org\/{rel}","templated":true}]}}