{"id":1310,"date":"2025-11-20T10:09:48","date_gmt":"2025-11-20T09:09:48","guid":{"rendered":"http:\/\/lelalano.fr\/?page_id=1310"},"modified":"2025-11-20T11:39:31","modified_gmt":"2025-11-20T10:39:31","slug":"le-roi-et-l-oiseau-frederique-doyere-coloriste","status":"publish","type":"page","link":"https:\/\/lelalano.fr\/index.php\/le-roi-et-l-oiseau-frederique-doyere-coloriste\/","title":{"rendered":"Fr\u00e9d\u00e9rique Doy\u00e8re, coloriste sur le Roi et L&#8217;oiseau de Paul Grimault."},"content":{"rendered":"<p>&#8211;<\/p>\n<p>&#8211;<\/p>\n<p>Fr\u00e9d\u00e9rique Doy\u00e8re enfant du pays , a participer en tant que coloriste au film de Paul Grimault et Jacques Pr\u00e9vert : Le Roi et L&#8217;Oiseau (1979). Elle nous raconte au travers de cette vid\u00e9o le travail de coloriste \u00e0 l&#8217;\u00e9poque du 35 mm.<\/p>\n<p>Cette vid\u00e9o a \u00e9t\u00e9 pr\u00e9sent\u00e9e le mercredi 05\/11\/2025 (s\u00e9ance tout public) et le jeudi\u00a0 06\/11\/2025 (s\u00e9ance scolaire) en premi\u00e8re partie du ROI ET L&#8217;OISEAU.<\/p>\n","protected":false},"excerpt":{"rendered":"<p>&#8211; &#8211; Fr\u00e9d\u00e9rique Doy\u00e8re enfant du pays , a participer en tant que coloriste au film de Paul Grimault et Jacques Pr\u00e9vert : Le Roi et L&#8217;Oiseau (1979). Elle nous raconte au travers de cette vid\u00e9o le travail de coloriste \u00e0 l&#8217;\u00e9poque du 35 mm. Cette vid\u00e9o a \u00e9t\u00e9 pr\u00e9sent\u00e9e le mercredi 05\/11\/2025 (s\u00e9ance tout<span class=\"read-more-wrap\"><a class=\"moretag\" href=\"https:\/\/lelalano.fr\/index.php\/le-roi-et-l-oiseau-frederique-doyere-coloriste\/\">Lire la suite<span class=\"screen-reader-text\">Fr\u00e9d\u00e9rique Doy\u00e8re, coloriste sur le Roi et L&#8217;oiseau de Paul Grimault.<\/span><\/a><\/span><\/p>\n","protected":false},"author":1,"featured_media":0,"parent":0,"menu_order":0,"comment_status":"closed","ping_status":"closed","template":"","meta":{"footnotes":""},"_links":{"self":[{"href":"https:\/\/lelalano.fr\/index.php\/wp-json\/wp\/v2\/pages\/1310"}],"collection":[{"href":"https:\/\/lelalano.fr\/index.php\/wp-json\/wp\/v2\/pages"}],"about":[{"href":"https:\/\/lelalano.fr\/index.php\/wp-json\/wp\/v2\/types\/page"}],"author":[{"embeddable":true,"href":"https:\/\/lelalano.fr\/index.php\/wp-json\/wp\/v2\/users\/1"}],"replies":[{"embeddable":true,"href":"https:\/\/lelalano.fr\/index.php\/wp-json\/wp\/v2\/comments?post=1310"}],"version-history":[{"count":4,"href":"https:\/\/lelalano.fr\/index.php\/wp-json\/wp\/v2\/pages\/1310\/revisions"}],"predecessor-version":[{"id":13846,"href":"https:\/\/lelalano.fr\/index.php\/wp-json\/wp\/v2\/pages\/1310\/revisions\/13846"}],"wp:attachment":[{"href":"https:\/\/lelalano.fr\/index.php\/wp-json\/wp\/v2\/media?parent=1310"}],"curies":[{"name":"wp","href":"https:\/\/api.w.org\/{rel}","templated":true}]}}