{"id":14523,"date":"2026-04-22T21:55:38","date_gmt":"2026-04-22T19:55:38","guid":{"rendered":"https:\/\/lelalano.fr\/?page_id=14523"},"modified":"2026-04-23T11:22:19","modified_gmt":"2026-04-23T09:22:19","slug":"semaine-du-mer-27-mai-au-mar-02-juin-2026","status":"publish","type":"page","link":"https:\/\/lelalano.fr\/index.php\/semaine-du-mer-27-mai-au-mar-02-juin-2026\/","title":{"rendered":"Semaine du Mer. 27 mai au Mar. 02 juin 2026"},"content":{"rendered":"<h4>Petit R\u00e9cap&#8217; de la semaine<\/h4>\n<p>\t\t\t\t\t\t\t\t\t\t\t\tmercredi 27 mai\t\t\t\t\t<\/p>\n<ul>\n<li><a href=\"#viv\">Vivaldi et moi<\/a> \u00e0 17h15 (vostfr)<\/li>\n<li><a href=\"#sor\">Sorda<\/a> \u00e0 20h45 (vostfr)<\/li>\n<\/ul>\n<p>\t\t\t\t\t\t\t\t\t\t\t\tsamedi 30 mai\t\t\t\t\t<\/p>\n<ul>\n<li><a href=\"#pou\">Pour le plaisir<\/a> \u00e0 20h45<\/li>\n<\/ul>\n<p>\t\t\t\t\t\t\t\t\t\t\t\tdimanche 31 mai\t\t\t\t\t<\/p>\n<ul>\n<li><a href=\"#led\">Le Diable s&#8217;habille en Prada 2<\/a> \u00e0 20H45 (vostfr)<\/li>\n<\/ul>\n<p>\t\t\t\t\t\t\t\t\t\t\t\tmardi 02 juin\t\t\t\t\t<\/p>\n<ul>\n<li><a href=\"#sau\">Sauvons les meubles<\/a> \u00e0 20h45<\/li>\n<\/ul>\n<h4>Vivaldi et moi<\/h4>\n<p>\t\t\t\t\t\t\t\t\t\t<img width=\"730\" height=\"973\" src=\"http:\/\/lelalano.fr\/wp-content\/uploads\/2026\/04\/Vivaldi-et-moi-768x1024.jpg\" alt=\"\" decoding=\"async\" loading=\"lazy\" srcset=\"https:\/\/lelalano.fr\/wp-content\/uploads\/2026\/04\/Vivaldi-et-moi-768x1024.jpg 768w, https:\/\/lelalano.fr\/wp-content\/uploads\/2026\/04\/Vivaldi-et-moi-225x300.jpg 225w, https:\/\/lelalano.fr\/wp-content\/uploads\/2026\/04\/Vivaldi-et-moi.jpg 810w\" sizes=\"(max-width: 730px) 100vw, 730px\" \/>\t\t\t\t\t\t\t\t\t\t\t<\/p>\n<h2>Synopsis<\/h2>\n<p>Tout public\u00a0<\/p>\n<p>Au d\u00e9but du XVIII\u1d49 si\u00e8cle, l\u2019Ospedale della Piet\u00e0 \u00e0 Venise recueille et forme de jeunes orphelines \u00e0 la musique. Dissimul\u00e9es au public, souvent masqu\u00e9es ou derri\u00e8re une grille, l\u2019orchestre de jeunes filles se produit pour les riches m\u00e9c\u00e8nes de l&#8217;institution. C\u00e9cilia, 20 ans, y excelle en tant que violoniste. Jusqu&#8217;au jour o\u00f9 l&#8217;arriv\u00e9e d\u2019un nouveau ma\u00eetre de musique, Antonio Vivaldi, vient bousculer sa vie et celle de l\u2019Ospedale.<\/p>\n<p>\u00a0<\/p>\n<h4>S\u00c9ANCES<\/h4>\n<ul>\n<li >\n\t\t\t\t\t\t\t\t\t\tmercredi 27 mai 17h15 (vostfr)\n\t\t\t\t\t\t\t\t\t<\/li>\n<\/ul>\n<h4>INFOS SUR LE FILM<\/h4>\n<p>\t\t<a href=\"https:\/\/www.allocine.fr\/film\/agenda\/sem-2026-04-29\/\"> 29 avril 2026 <\/a>  en salle  | 1h 51min | <a href=\"https:\/\/www.allocine.fr\/films\/genre-13027\/\">Biopic<\/a>, <a href=\"https:\/\/www.allocine.fr\/films\/genre-13015\/\">Historique<\/a>, <a href=\"https:\/\/www.allocine.fr\/films\/genre-13043\/\">Musical<\/a>De <a href=\"https:\/\/www.allocine.fr\/personne\/fichepersonne_gen_cpersonne=697475.html\">Damiano Michieletto<\/a>Par <a href=\"https:\/\/www.allocine.fr\/personne\/fichepersonne_gen_cpersonne=452689.html\">Ludovica Rampoldi<\/a>Avec <a href=\"https:\/\/www.allocine.fr\/personne\/fichepersonne_gen_cpersonne=1000002059.html\">Tecla Insolia<\/a>, <a href=\"https:\/\/www.allocine.fr\/personne\/fichepersonne_gen_cpersonne=461262.html\">Michele Riondino<\/a>, <a href=\"https:\/\/www.allocine.fr\/personne\/fichepersonne_gen_cpersonne=29891.html\">Fabrizia Sacchi<\/a>Titre original  Primavera<br \/>\n\t\t\t<a href=\"https:\/\/www.youtube.com\/watch?v=clJE_v1vock\" target=\"_blank\" role=\"button\" rel=\"noopener\"><br \/>\n\t\t\t\t\t\tVOIR LA BANDE ANNONCE<br \/>\n\t\t\t\t\t<\/a><br \/>\n\t\t\t<a href=\"#top\" role=\"button\"><br \/>\n\t\t\t\t\t\thaut de la page<br \/>\n\t\t\t\t\t<\/a><\/p>\n<h4>Sorda<\/h4>\n<p>\t\t\t\t\t\t\t\t\t\t<img width=\"730\" height=\"991\" src=\"http:\/\/lelalano.fr\/wp-content\/uploads\/2026\/04\/Sorda-754x1024.jpg\" alt=\"\" decoding=\"async\" loading=\"lazy\" srcset=\"https:\/\/lelalano.fr\/wp-content\/uploads\/2026\/04\/Sorda-754x1024.jpg 754w, https:\/\/lelalano.fr\/wp-content\/uploads\/2026\/04\/Sorda-221x300.jpg 221w, https:\/\/lelalano.fr\/wp-content\/uploads\/2026\/04\/Sorda-768x1043.jpg 768w, https:\/\/lelalano.fr\/wp-content\/uploads\/2026\/04\/Sorda.jpg 795w\" sizes=\"(max-width: 730px) 100vw, 730px\" \/>\t\t\t\t\t\t\t\t\t\t\t<\/p>\n<h2>Synopsis<\/h2>\n<p>Angela est sourde, Hector est entendant. Ils forment un couple \u00e9panoui et heureux malgr\u00e9 leur diff\u00e9rence. Mais la naissance de leur premier enfant inqui\u00e8te Angela : saura-t-elle cr\u00e9er un lien avec sa fille ? Comment apprendre \u00e0 devenir m\u00e8re dans un monde qui oublie si souvent d\u2019inclure ceux qui n\u2019entendent pas ?\t\t<\/p>\n<h4>S\u00c9ANCES<\/h4>\n<ul>\n<li >\n\t\t\t\t\t\t\t\t\t\tmercredi 27 mai 20h45 (vostfr)\n\t\t\t\t\t\t\t\t\t<\/li>\n<\/ul>\n<h4>INFOS SUR LE FILM<\/h4>\n<p>\t\t<a href=\"https:\/\/www.allocine.fr\/film\/agenda\/sem-2026-04-29\/\"> 29 avril 2026 <\/a>  en salle  | 1h 40min | <a href=\"https:\/\/www.allocine.fr\/films\/genre-13008\/\">Drame<\/a>De <a href=\"https:\/\/www.allocine.fr\/personne\/fichepersonne_gen_cpersonne=781476.html\">Eva Libertad Garc\u00eda<\/a>Par <a href=\"https:\/\/www.allocine.fr\/personne\/fichepersonne_gen_cpersonne=781476.html\">Eva Libertad Garc\u00eda<\/a>Avec <a href=\"https:\/\/www.allocine.fr\/personne\/fichepersonne_gen_cpersonne=1000004127.html\">Miriam Garlo<\/a>, <a href=\"https:\/\/www.allocine.fr\/personne\/fichepersonne_gen_cpersonne=243031.html\">\u00c1lvaro Cervantes<\/a>, <a href=\"https:\/\/www.allocine.fr\/personne\/fichepersonne_gen_cpersonne=15921.html\">Elena Irureta<\/a><br \/>\n\t\t\t<a href=\"https:\/\/www.youtube.com\/watch?v=iDhdW60x79s\" target=\"_blank\" role=\"button\" rel=\"noopener\"><br \/>\n\t\t\t\t\t\tbande annonce<br \/>\n\t\t\t\t\t<\/a><br \/>\n\t\t\t<a href=\"#top\" role=\"button\"><br \/>\n\t\t\t\t\t\thaut de la page<br \/>\n\t\t\t\t\t<\/a><\/p>\n<h4>Pour le plaisir<\/h4>\n<p>\t\t\t\t\t\t\t\t\t\t<img width=\"730\" height=\"973\" src=\"http:\/\/lelalano.fr\/wp-content\/uploads\/2026\/04\/Pour-le-plaisir-768x1024.jpg\" alt=\"\" decoding=\"async\" loading=\"lazy\" srcset=\"https:\/\/lelalano.fr\/wp-content\/uploads\/2026\/04\/Pour-le-plaisir-768x1024.jpg 768w, https:\/\/lelalano.fr\/wp-content\/uploads\/2026\/04\/Pour-le-plaisir-225x300.jpg 225w, https:\/\/lelalano.fr\/wp-content\/uploads\/2026\/04\/Pour-le-plaisir.jpg 810w\" sizes=\"(max-width: 730px) 100vw, 730px\" \/>\t\t\t\t\t\t\t\t\t\t\t<\/p>\n<h2>Synopsis<\/h2>\n<p>Tout public\u00a0<\/p>\n<p>Et si on vous racontait l\u2019invention du si\u00e8cle ? Un couple, une v\u00e9rit\u00e9 qui explose. Fanny et Tom sont mari\u00e9s et heureux depuis 20 ans. Mais un jour un secret \u00e9clate : Fanny n\u2019a jamais eu d\u2019orgasme. Tom, ing\u00e9nieur, d\u00e9cide alors de relever un d\u00e9fi audacieux : cr\u00e9er l\u2019objet qui r\u00e9volutionnera le plaisir f\u00e9minin. Ensemble, ils se lancent dans cette qu\u00eate aussi d\u00e9jant\u00e9e qu\u2019\u00e9mouvante qui va transformer leur couple. Jusqu\u2019o\u00f9 iront-ils ? Loin, tr\u00e8s loin.<\/p>\n<h4>S\u00c9ANCES<\/h4>\n<ul>\n<li >\n\t\t\t\t\t\t\t\t\t\tsamedi 30 mai 20h45\n\t\t\t\t\t\t\t\t\t<\/li>\n<\/ul>\n<h4>INFOS SUR LE FILM<\/h4>\n<p>\t\t<a href=\"https:\/\/www.allocine.fr\/film\/agenda\/sem-2026-05-06\/\"> 6 mai 2026 <\/a>  en salle  | 1h 29min | <a href=\"https:\/\/www.allocine.fr\/films\/genre-13005\/\">Com\u00e9die<\/a>De <a href=\"https:\/\/www.allocine.fr\/personne\/fichepersonne_gen_cpersonne=253074.html\">Reem Kherici<\/a>Par <a href=\"https:\/\/www.allocine.fr\/personne\/fichepersonne_gen_cpersonne=253074.html\">Reem Kherici<\/a>, <a href=\"https:\/\/www.allocine.fr\/personne\/fichepersonne_gen_cpersonne=190425.html\">Gari Kiko\u00efne<\/a>Avec <a href=\"https:\/\/www.allocine.fr\/personne\/fichepersonne_gen_cpersonne=75130.html\">Alexandra Lamy<\/a>, <a href=\"https:\/\/www.allocine.fr\/personne\/fichepersonne_gen_cpersonne=2608.html\">Fran\u00e7ois Cluzet<\/a>, <a href=\"https:\/\/www.allocine.fr\/personne\/fichepersonne_gen_cpersonne=979250.html\">Mitty Hazanavicius<\/a>\u00a0<br \/>\n\t\t\t<a href=\"https:\/\/www.youtube.com\/watch?v=S233V_eNuBA\" target=\"_blank\" role=\"button\" rel=\"noopener\"><br \/>\n\t\t\t\t\t\tVoir la bande annonce<br \/>\n\t\t\t\t\t<\/a><br \/>\n\t\t\t<a href=\"#top\" role=\"button\"><br \/>\n\t\t\t\t\t\thaut de la page<br \/>\n\t\t\t\t\t<\/a><\/p>\n<h4>Le Diable s&#8217;habille en Prada 2<\/h4>\n<p>\t\t\t\t\t\t\t\t\t\t<img width=\"717\" height=\"1024\" src=\"http:\/\/lelalano.fr\/wp-content\/uploads\/2026\/04\/Le-Diable-shabille-en-Prada-2-1-717x1024.jpg\" alt=\"\" decoding=\"async\" loading=\"lazy\" srcset=\"https:\/\/lelalano.fr\/wp-content\/uploads\/2026\/04\/Le-Diable-shabille-en-Prada-2-1-717x1024.jpg 717w, https:\/\/lelalano.fr\/wp-content\/uploads\/2026\/04\/Le-Diable-shabille-en-Prada-2-1-210x300.jpg 210w, https:\/\/lelalano.fr\/wp-content\/uploads\/2026\/04\/Le-Diable-shabille-en-Prada-2-1.jpg 756w\" sizes=\"(max-width: 717px) 100vw, 717px\" \/>\t\t\t\t\t\t\t\t\t\t\t<\/p>\n<h2>Synopsis<\/h2>\n<p>Miranda, Andy, Emily et Nigel replongent dans l\u2019univers impitoyable et glamour du magazine Runway et des rues new-yorkaises o\u00f9 l\u2019\u00e9l\u00e9gance est une arme redoutable.<\/p>\n<p>\u00a0<\/p>\n<h4>S\u00c9ANCES<\/h4>\n<ul>\n<li >\n\t\t\t\t\t\t\t\t\t\tdimanche 31 mai 20h45 (vostfr)\n\t\t\t\t\t\t\t\t\t<\/li>\n<\/ul>\n<h4>INFOS SUR LE FILM<\/h4>\n<p>\t\t<a href=\"https:\/\/www.allocine.fr\/film\/agenda\/sem-2026-04-29\/\"> 29 avril 2026 <\/a>  en salle  | 1h 59min | <a href=\"https:\/\/www.allocine.fr\/films\/genre-13005\/\">Com\u00e9die<\/a>, <a href=\"https:\/\/www.allocine.fr\/films\/genre-13008\/\">Drame<\/a>De <a href=\"https:\/\/www.allocine.fr\/personne\/fichepersonne_gen_cpersonne=67945.html\">David Frankel<\/a>Par <a href=\"https:\/\/www.allocine.fr\/personne\/fichepersonne_gen_cpersonne=77451.html\">Aline Brosh McKenna<\/a>Avec <a href=\"https:\/\/www.allocine.fr\/personne\/fichepersonne_gen_cpersonne=9.html\">Meryl Streep<\/a>, <a href=\"https:\/\/www.allocine.fr\/personne\/fichepersonne_gen_cpersonne=65719.html\">Anne Hathaway<\/a>, <a href=\"https:\/\/www.allocine.fr\/personne\/fichepersonne_gen_cpersonne=123054.html\">Emily Blunt<\/a>Titre original  The Devil Wears Prada 2\u00a0<br \/>\n\t\t\t<a href=\"https:\/\/www.youtube.com\/watch?v=vZ0Ip0RDmA4\" target=\"_blank\" role=\"button\" rel=\"noopener\"><br \/>\n\t\t\t\t\t\tVoir la bande annonce<br \/>\n\t\t\t\t\t<\/a><br \/>\n\t\t\t<a href=\"#top\" role=\"button\"><br \/>\n\t\t\t\t\t\thaut de la page<br \/>\n\t\t\t\t\t<\/a><\/p>\n<h4>Sauvons les meubles<\/h4>\n<p>\t\t\t\t\t\t\t\t\t\t<img width=\"680\" height=\"924\" src=\"http:\/\/lelalano.fr\/wp-content\/uploads\/2026\/04\/Sauvons-les-meubles.jpg\" alt=\"\" decoding=\"async\" loading=\"lazy\" srcset=\"https:\/\/lelalano.fr\/wp-content\/uploads\/2026\/04\/Sauvons-les-meubles.jpg 680w, https:\/\/lelalano.fr\/wp-content\/uploads\/2026\/04\/Sauvons-les-meubles-221x300.jpg 221w\" sizes=\"(max-width: 680px) 100vw, 680px\" \/>\t\t\t\t\t\t\t\t\t\t\t<\/p>\n<h2>Synopsis<\/h2>\n<section id=\"synopsis-details\">Lucile est une photographe reconnue et ind\u00e9pendante. Lorsque sa m\u00e8re tombe malade, elle accourt dans la maison de son enfance et y retrouve son fr\u00e8re Paul. L\u00e0, ils d\u00e9couvrent que leur m\u00e8re, autrefois p\u00e9tillante et entrepreneuse, leur cache des choses&#8230; Lucile et Paul comprennent alors qu&#8217;ils n&#8217;ont plus que quelques jours pour sauver bien plus que les meubles\u2026<\/section>\n<h4>S\u00c9ANCES<\/h4>\n<ul>\n<li >\n\t\t\t\t\t\t\t\t\t\tmardi 02 juin 20h45\n\t\t\t\t\t\t\t\t\t<\/li>\n<\/ul>\n<h4>INFOS SUR LE FILM<\/h4>\n<p>\t\t<a href=\"https:\/\/www.allocine.fr\/film\/agenda\/sem-2026-05-06\/\"> 6 mai 2026 <\/a>  en salle  | 1h 26min | <a href=\"https:\/\/www.allocine.fr\/films\/genre-13008\/\">Drame<\/a>De <a href=\"https:\/\/www.allocine.fr\/personne\/fichepersonne_gen_cpersonne=206736.html\">Catherine Cosme<\/a>Par <a href=\"https:\/\/www.allocine.fr\/personne\/fichepersonne_gen_cpersonne=206736.html\">Catherine Cosme<\/a>Avec <a href=\"https:\/\/www.allocine.fr\/personne\/fichepersonne_gen_cpersonne=167021.html\">Vimala Pons<\/a>, <a href=\"https:\/\/www.allocine.fr\/personne\/fichepersonne_gen_cpersonne=731721.html\">Yoann Zimmer<\/a>, <a href=\"https:\/\/www.allocine.fr\/personne\/fichepersonne_gen_cpersonne=14742.html\">Guilaine Londez<\/a>\u00a0<br \/>\n\t\t\t<a href=\"https:\/\/www.youtube.com\/watch?v=h-ogXFjKSjY\" target=\"_blank\" role=\"button\" rel=\"noopener\"><br \/>\n\t\t\t\t\t\tVOIR LA BANDE ANNONCE<br \/>\n\t\t\t\t\t<\/a><br \/>\n\t\t\t<a href=\"#top\" role=\"button\"><br \/>\n\t\t\t\t\t\thaut de la page<br \/>\n\t\t\t\t\t<\/a><\/p>\n","protected":false},"excerpt":{"rendered":"<p>Petit R\u00e9cap&#8217; de la semaine mercredi 27 mai Vivaldi et moi \u00e0 17h15 (vostfr) Sorda \u00e0 20h45 (vostfr) samedi 30 mai Pour le plaisir \u00e0 20h45 dimanche 31 mai Le Diable s&#8217;habille en Prada 2 \u00e0 20H45 (vostfr) mardi 02 juin Sauvons les meubles \u00e0 20h45 Vivaldi et moi Synopsis Tout public\u00a0 Au d\u00e9but du<span class=\"read-more-wrap\"><a class=\"moretag\" href=\"https:\/\/lelalano.fr\/index.php\/semaine-du-mer-27-mai-au-mar-02-juin-2026\/\">Lire la suite<span class=\"screen-reader-text\">Semaine du Mer. 27 mai au Mar. 02 juin 2026<\/span><\/a><\/span><\/p>\n","protected":false},"author":1,"featured_media":0,"parent":0,"menu_order":0,"comment_status":"closed","ping_status":"closed","template":"","meta":{"footnotes":""},"_links":{"self":[{"href":"https:\/\/lelalano.fr\/index.php\/wp-json\/wp\/v2\/pages\/14523"}],"collection":[{"href":"https:\/\/lelalano.fr\/index.php\/wp-json\/wp\/v2\/pages"}],"about":[{"href":"https:\/\/lelalano.fr\/index.php\/wp-json\/wp\/v2\/types\/page"}],"author":[{"embeddable":true,"href":"https:\/\/lelalano.fr\/index.php\/wp-json\/wp\/v2\/users\/1"}],"replies":[{"embeddable":true,"href":"https:\/\/lelalano.fr\/index.php\/wp-json\/wp\/v2\/comments?post=14523"}],"version-history":[{"count":20,"href":"https:\/\/lelalano.fr\/index.php\/wp-json\/wp\/v2\/pages\/14523\/revisions"}],"predecessor-version":[{"id":14550,"href":"https:\/\/lelalano.fr\/index.php\/wp-json\/wp\/v2\/pages\/14523\/revisions\/14550"}],"wp:attachment":[{"href":"https:\/\/lelalano.fr\/index.php\/wp-json\/wp\/v2\/media?parent=14523"}],"curies":[{"name":"wp","href":"https:\/\/api.w.org\/{rel}","templated":true}]}}