{"id":9813,"date":"2023-06-29T17:31:35","date_gmt":"2023-06-29T15:31:35","guid":{"rendered":"http:\/\/lelalano.fr\/?page_id=9813"},"modified":"2023-10-19T11:38:10","modified_gmt":"2023-10-19T09:38:10","slug":"spectacles-scolaires-2023-2024","status":"publish","type":"page","link":"https:\/\/lelalano.fr\/index.php\/spectacles-scolaires-2023-2024\/","title":{"rendered":"Spectacles Scolaires 2023-2024"},"content":{"rendered":"<h2>Chronologie des spectacles<\/h2>\n<p>\t\t\t\t\t\t\t\t\t\t\t\tVendredi 01 d\u00e9cembre 2023\t\t\t\t\t<\/p>\n<h4><a href=\"#vid\">Vida<\/a><\/h4>\n<p>Marionnettes<\/p>\n<h2>Vendredi 01 d\u00e9cembre 2023 &#8211; 14h30<\/h2>\n<p>\t\t\t\t\t\t\t\t\t\t<img loading=\"lazy\" decoding=\"async\" width=\"640\" height=\"426\" src=\"http:\/\/lelalano.fr\/wp-content\/uploads\/2023\/06\/2.jpg\" alt=\"\" srcset=\"http:\/\/lelalano.fr\/wp-content\/uploads\/2023\/06\/2.jpg 640w, http:\/\/lelalano.fr\/wp-content\/uploads\/2023\/06\/2-300x200.jpg 300w\" sizes=\"(max-width: 640px) 100vw, 640px\" \/>\t\t\t\t\t\t\t\t\t\t\t<\/p>\n<p>\u00a9F_Ferranti<\/p>\n<p>\t\t\t\t\t\t\t\t\t\t<img loading=\"lazy\" decoding=\"async\" width=\"724\" height=\"1024\" src=\"http:\/\/lelalano.fr\/wp-content\/uploads\/2023\/06\/affiche-1-web-724x1024.jpg\" alt=\"\" srcset=\"http:\/\/lelalano.fr\/wp-content\/uploads\/2023\/06\/affiche-1-web-724x1024.jpg 724w, http:\/\/lelalano.fr\/wp-content\/uploads\/2023\/06\/affiche-1-web-212x300.jpg 212w, http:\/\/lelalano.fr\/wp-content\/uploads\/2023\/06\/affiche-1-web-768x1086.jpg 768w, http:\/\/lelalano.fr\/wp-content\/uploads\/2023\/06\/affiche-1-web.jpg 1000w\" sizes=\"(max-width: 724px) 100vw, 724px\" \/>\t\t\t\t\t\t\t\t\t\t\t<\/p>\n<div class=\"llorix-one-lite-video-container\"><iframe loading=\"lazy\" src=\"https:\/\/player.vimeo.com\/video\/236905562?dnt=1&amp;app_id=122963\" width=\"730\" height=\"411\" frameborder=\"0\" allow=\"autoplay; fullscreen; picture-in-picture\" allowfullscreen title=\"VIDA\"><\/iframe><\/div>\n<h2>VIDA<\/h2>\n<h2>Cie Javier Arenda &#8211; Sarragosse (espagne)<\/h2>\n<p>\u00e0 partir de 8 ans.<\/p>\n<h3><strong>Deux mains et l&#8217; univers dl unecorbeille a couture.<\/strong><\/h3>\n<p>Les choses faites \u00e0 la main\u00a0 poss\u00e8dent un caract\u00e8re propre, les mains en tant que parties d\u2019un \u00eatre vivant, en tant que protagonistes, en tant qu\u2019\u00eatres singuliers cr\u00e9ant mouvement, \u00e9motion et vie.<br \/>Une corbeille \u00e0 la d\u00e9rive, un voyage&#8230;<br \/>La vie jaillit d\u2019un recoin quelconque, d\u2019une simple corbeille. Des vies pr\u00e9cieuses, particuli\u00e8res et uniques.<\/p>\n<p>Javier Aranda, acteur et marionnettiste, a \u00e9t\u00e9 form\u00e9 \u00e0 l\u2019\u00c9cole de Th\u00e9\u00e2tre de Saragosse.<br \/>Depuis plus de 20 ans il exerce ses talents dans diverses compagnies: Th\u00e9\u00e2tre du Temple, Th\u00e9\u00e2tre Arbol\u00e9, Th\u00e9\u00e2tre Gayarre, Centre Dramatique d\u2019Aragon&#8230; Il a particip\u00e9 \u00e0 plusieurs longs et courts-m\u00e9trages. Tant\u00f4t acteur, tant\u00f4t marionnettiste, il m\u00e8ne cette derni\u00e8re activit\u00e9 au sein de sa propre compagnie, o\u00f9 il d\u00e9veloppe un travail personnel de recherche autour de l\u2019objet et de sa relation avec le marionnettiste.<\/p>\n<h2>Distribution<\/h2>\n<p>Cr\u00e9ation et manipulation : Javier Aranda<br \/>Assistants mise en sc\u00e8ne : Alfonso Pablo et Pedro Rebollo<br \/>Costume : Pilar Gracia<br \/>Conception graphique : Val Ortego<br \/>Atelier et r\u00e9sidence : Teatro Arbol\u00e9<br \/>Remerciements : Luc\u00eda Bernal, Estelle Hi, Rafa, Clara, Rosa, Merce, Teatro Bicho, Le Bateau<\/p>\n<h3><strong>Tarif et r\u00e9servation<\/strong><\/h3>\n<p>Tarif scolaire : 5 \u20ac par \u00e9l\u00e8ve.<\/p>\n<p>R\u00e9servations par mail : lelalano@yahoo.fr<\/p>\n<p><em>Merci de pr\u00e9ciser\u00a0 le nom de l&#8217;\u00e9cole, celui de l&#8217;enseignant, le nombre d&#8217;\u00e9l\u00e8ves ainsi qu&#8217;un num\u00e9ro de t\u00e9l\u00e9phone. (Toutes les donn\u00e9es que vous nous transmettrez, ne seront utilis\u00e9es qu&#8217;\u00e0 la seule fin de l&#8217;organisation de l&#8217;\u00e9v\u00e8nement concern\u00e9.)<br \/><\/em><\/p>\n<p>Nous vous confirmerons le plus rapidement possible par mail, votre r\u00e9servation.<\/p>\n<p><em>\u00a0<\/em><\/p>\n<p>\t\t\t<a href=\"#chrono\"><br \/>\n\t\t\t<\/a><\/p>\n<h2>Nos partenaires :<\/h2>\n<p>\t\t\t\t\t\t\t\t\t\t<img loading=\"lazy\" decoding=\"async\" width=\"200\" height=\"200\" src=\"http:\/\/lelalano.fr\/wp-content\/uploads\/2018\/03\/cd65-new.jpg\" alt=\"\" srcset=\"http:\/\/lelalano.fr\/wp-content\/uploads\/2018\/03\/cd65-new.jpg 200w, http:\/\/lelalano.fr\/wp-content\/uploads\/2018\/03\/cd65-new-150x150.jpg 150w, http:\/\/lelalano.fr\/wp-content\/uploads\/2018\/03\/cd65-new-186x186.jpg 186w\" sizes=\"(max-width: 200px) 100vw, 200px\" \/><br \/>\n\t\t\t\t\t\t\t\t\t\t<img loading=\"lazy\" decoding=\"async\" width=\"200\" height=\"87\" src=\"http:\/\/lelalano.fr\/wp-content\/uploads\/2018\/03\/logo-d\u00e9finitif-texte-pour-le-site-e1522417890838.png\" alt=\"\" \/><br \/>\n\t\t\t\t\t\t\t\t\t\t<img loading=\"lazy\" decoding=\"async\" width=\"105\" height=\"150\" src=\"http:\/\/lelalano.fr\/wp-content\/uploads\/2018\/03\/lalanne-trie.jpg\" alt=\"\" \/><br \/>\n\t\t\t\t\t\t\t\t\t\t<img loading=\"lazy\" decoding=\"async\" width=\"730\" height=\"405\" src=\"http:\/\/lelalano.fr\/wp-content\/uploads\/2022\/07\/jmf-horizontal_rouge-1024x568.png\" alt=\"\" srcset=\"http:\/\/lelalano.fr\/wp-content\/uploads\/2022\/07\/jmf-horizontal_rouge-1024x568.png 1024w, http:\/\/lelalano.fr\/wp-content\/uploads\/2022\/07\/jmf-horizontal_rouge-300x166.png 300w, http:\/\/lelalano.fr\/wp-content\/uploads\/2022\/07\/jmf-horizontal_rouge-768x426.png 768w\" sizes=\"(max-width: 730px) 100vw, 730px\" \/><\/p>\n","protected":false},"excerpt":{"rendered":"<p>Chronologie des spectacles Vendredi 01 d\u00e9cembre 2023 Vida Marionnettes Vendredi 01 d\u00e9cembre 2023 &#8211; 14h30 \u00a9F_Ferranti VIDA Cie Javier Arenda &#8211; Sarragosse (espagne) \u00e0 partir de 8 ans. Deux mains et l&#8217; univers dl unecorbeille a couture. Les choses faites \u00e0 la main\u00a0 poss\u00e8dent un caract\u00e8re propre, les mains en tant que parties d\u2019un \u00eatre<span class=\"read-more-wrap\"><a class=\"moretag\" href=\"https:\/\/lelalano.fr\/index.php\/spectacles-scolaires-2023-2024\/\">Lire la suite<span class=\"screen-reader-text\">Spectacles Scolaires 2023-2024<\/span><\/a><\/span><\/p>\n","protected":false},"author":1,"featured_media":0,"parent":0,"menu_order":0,"comment_status":"closed","ping_status":"closed","template":"","meta":{"footnotes":""},"_links":{"self":[{"href":"https:\/\/lelalano.fr\/index.php\/wp-json\/wp\/v2\/pages\/9813"}],"collection":[{"href":"https:\/\/lelalano.fr\/index.php\/wp-json\/wp\/v2\/pages"}],"about":[{"href":"https:\/\/lelalano.fr\/index.php\/wp-json\/wp\/v2\/types\/page"}],"author":[{"embeddable":true,"href":"https:\/\/lelalano.fr\/index.php\/wp-json\/wp\/v2\/users\/1"}],"replies":[{"embeddable":true,"href":"https:\/\/lelalano.fr\/index.php\/wp-json\/wp\/v2\/comments?post=9813"}],"version-history":[{"count":13,"href":"https:\/\/lelalano.fr\/index.php\/wp-json\/wp\/v2\/pages\/9813\/revisions"}],"predecessor-version":[{"id":10425,"href":"https:\/\/lelalano.fr\/index.php\/wp-json\/wp\/v2\/pages\/9813\/revisions\/10425"}],"wp:attachment":[{"href":"https:\/\/lelalano.fr\/index.php\/wp-json\/wp\/v2\/media?parent=9813"}],"curies":[{"name":"wp","href":"https:\/\/api.w.org\/{rel}","templated":true}]}}

<h2>Chronologie des spectacles</h2>
<p>												Vendredi 01 décembre 2023					</p>
<h4><a href="#vid">Vida</a></h4>
<p>Marionnettes</p>
<h2>Vendredi 01 décembre 2023 &#8211; 14h30</h2>
<p>										<img loading="lazy" decoding="async" width="640" height="426" src="http://lelalano.fr/wp-content/uploads/2023/06/2.jpg" alt="" srcset="http://lelalano.fr/wp-content/uploads/2023/06/2.jpg 640w, http://lelalano.fr/wp-content/uploads/2023/06/2-300x200.jpg 300w" sizes="(max-width: 640px) 100vw, 640px" />											</p>
<p>©F_Ferranti</p>
<p>										<img loading="lazy" decoding="async" width="724" height="1024" src="http://lelalano.fr/wp-content/uploads/2023/06/affiche-1-web-724x1024.jpg" alt="" srcset="http://lelalano.fr/wp-content/uploads/2023/06/affiche-1-web-724x1024.jpg 724w, http://lelalano.fr/wp-content/uploads/2023/06/affiche-1-web-212x300.jpg 212w, http://lelalano.fr/wp-content/uploads/2023/06/affiche-1-web-768x1086.jpg 768w, http://lelalano.fr/wp-content/uploads/2023/06/affiche-1-web.jpg 1000w" sizes="(max-width: 724px) 100vw, 724px" />											</p>
<div class="llorix-one-lite-video-container"><iframe loading="lazy" src="https://player.vimeo.com/video/236905562?dnt=1&amp;app_id=122963" width="730" height="411" frameborder="0" allow="autoplay; fullscreen; picture-in-picture" allowfullscreen title="VIDA"></iframe></div>
<h2>VIDA</h2>
<h2>Cie Javier Arenda &#8211; Sarragosse (espagne)</h2>
<p>à partir de 8 ans.</p>
<h3><strong>Deux mains et l&#8217; univers dl unecorbeille a couture.</strong></h3>
<p>Les choses faites à la main  possèdent un caractère propre, les mains en tant que parties d’un être vivant, en tant que protagonistes, en tant qu’êtres singuliers créant mouvement, émotion et vie.<br />Une corbeille à la dérive, un voyage&#8230;<br />La vie jaillit d’un recoin quelconque, d’une simple corbeille. Des vies précieuses, particulières et uniques.</p>
<p>Javier Aranda, acteur et marionnettiste, a été formé à l’École de Théâtre de Saragosse.<br />Depuis plus de 20 ans il exerce ses talents dans diverses compagnies: Théâtre du Temple, Théâtre Arbolé, Théâtre Gayarre, Centre Dramatique d’Aragon&#8230; Il a participé à plusieurs longs et courts-métrages. Tantôt acteur, tantôt marionnettiste, il mène cette dernière activité au sein de sa propre compagnie, où il développe un travail personnel de recherche autour de l’objet et de sa relation avec le marionnettiste.</p>
<h2>Distribution</h2>
<p>Création et manipulation : Javier Aranda<br />Assistants mise en scène : Alfonso Pablo et Pedro Rebollo<br />Costume : Pilar Gracia<br />Conception graphique : Val Ortego<br />Atelier et résidence : Teatro Arbolé<br />Remerciements : Lucía Bernal, Estelle Hi, Rafa, Clara, Rosa, Merce, Teatro Bicho, Le Bateau</p>
<h3><strong>Tarif et réservation</strong></h3>
<p>Tarif scolaire : 5 € par élève.</p>
<p>Réservations par mail : lelalano@yahoo.fr</p>
<p><em>Merci de préciser  le nom de l&#8217;école, celui de l&#8217;enseignant, le nombre d&#8217;élèves ainsi qu&#8217;un numéro de téléphone. (Toutes les données que vous nous transmettrez, ne seront utilisées qu&#8217;à la seule fin de l&#8217;organisation de l&#8217;évènement concerné.)<br /></em></p>
<p>Nous vous confirmerons le plus rapidement possible par mail, votre réservation.</p>
<p><em> </em></p>
<p>			<a href="#chrono"><br />
			</a></p>
<h2>Nos partenaires :</h2>
<p>										<img loading="lazy" decoding="async" width="200" height="200" src="http://lelalano.fr/wp-content/uploads/2018/03/cd65-new.jpg" alt="" srcset="http://lelalano.fr/wp-content/uploads/2018/03/cd65-new.jpg 200w, http://lelalano.fr/wp-content/uploads/2018/03/cd65-new-150x150.jpg 150w, http://lelalano.fr/wp-content/uploads/2018/03/cd65-new-186x186.jpg 186w" sizes="(max-width: 200px) 100vw, 200px" /><br />
										<img loading="lazy" decoding="async" width="200" height="87" src="http://lelalano.fr/wp-content/uploads/2018/03/logo-définitif-texte-pour-le-site-e1522417890838.png" alt="" /><br />
										<img loading="lazy" decoding="async" width="105" height="150" src="http://lelalano.fr/wp-content/uploads/2018/03/lalanne-trie.jpg" alt="" /><br />
										<img loading="lazy" decoding="async" width="730" height="405" src="http://lelalano.fr/wp-content/uploads/2022/07/jmf-horizontal_rouge-1024x568.png" alt="" srcset="http://lelalano.fr/wp-content/uploads/2022/07/jmf-horizontal_rouge-1024x568.png 1024w, http://lelalano.fr/wp-content/uploads/2022/07/jmf-horizontal_rouge-300x166.png 300w, http://lelalano.fr/wp-content/uploads/2022/07/jmf-horizontal_rouge-768x426.png 768w" sizes="(max-width: 730px) 100vw, 730px" /></p>

<p>Chronologie des spectacles Vendredi 01 décembre 2023 Vida Marionnettes Vendredi 01 décembre 2023 &#8211; 14h30 ©F_Ferranti VIDA Cie Javier Arenda &#8211; Sarragosse (espagne) à partir de 8 ans. Deux mains et l&#8217; univers dl unecorbeille a couture. Les choses faites à la main  possèdent un caractère propre, les mains en tant que parties d’un être<span class="read-more-wrap"><a class="moretag" href="https://lelalano.fr/index.php/spectacles-scolaires-2023-2024/">Lire la suite<span class="screen-reader-text">Spectacles Scolaires 2023-2024</span></a></span></p>
